{"id":1350,"date":"2022-08-11T20:19:46","date_gmt":"2022-08-11T18:19:46","guid":{"rendered":"http:\/\/test.zsjanov.cz\/?page_id=1350"},"modified":"2022-08-11T20:37:50","modified_gmt":"2022-08-11T18:37:50","slug":"panorama-stareho-mostecka","status":"publish","type":"page","link":"https:\/\/www.zsjanov.cz\/?page_id=1350","title":{"rendered":"Panorama star\u00e9ho mostecka"},"content":{"rendered":"\n<figure class=\"wp-block-image size-large\"><img loading=\"lazy\" decoding=\"async\" width=\"1024\" height=\"227\" src=\"http:\/\/test.zsjanov.cz\/wp-content\/uploads\/2022\/08\/Logolink_OP_VVV_hor_barva_cz-1024x227.jpg\" alt=\"\" class=\"wp-image-568\" srcset=\"https:\/\/www.zsjanov.cz\/wp-content\/uploads\/2022\/08\/Logolink_OP_VVV_hor_barva_cz-1024x227.jpg 1024w, https:\/\/www.zsjanov.cz\/wp-content\/uploads\/2022\/08\/Logolink_OP_VVV_hor_barva_cz-300x67.jpg 300w, https:\/\/www.zsjanov.cz\/wp-content\/uploads\/2022\/08\/Logolink_OP_VVV_hor_barva_cz-768x170.jpg 768w, https:\/\/www.zsjanov.cz\/wp-content\/uploads\/2022\/08\/Logolink_OP_VVV_hor_barva_cz-1536x341.jpg 1536w, https:\/\/www.zsjanov.cz\/wp-content\/uploads\/2022\/08\/Logolink_OP_VVV_hor_barva_cz.jpg 1559w\" sizes=\"auto, (max-width: 1024px) 100vw, 1024px\" \/><\/figure>\n\n\n\n<p>Registra\u010dn\u00ed \u010d\u00edslo CZ.02.3.68\/0.0\/0.0\/18_067\/0012378<\/p>\n\n\n\n<ul class=\"wp-block-list\"><li>Projekt realizovan\u00fd v&nbsp;r\u00e1mci partnerstv\u00ed s&nbsp;Oblastn\u00edm muzeem a galeri\u00ed v&nbsp;Most\u011b, p\u0159\u00edsp\u011bvkovou organizac\u00ed jako p\u0159\u00edjemcem dotace.<\/li><li>Zah\u00e1jen\u00ed realizace projektu: 1. 1. 2020<\/li><li>Ukon\u010den\u00ed realizace projektu: 31. 12. 2022<\/li><li>P\u0159edm\u011btem projektu je vytvo\u0159en\u00ed digit\u00e1ln\u00edho vzd\u011bl\u00e1vac\u00ed zdroje (DVZ), kter\u00fd bude tvo\u0159en t\u0159emi vzd\u011bl\u00e1vac\u00edmi moduly:<\/li><\/ul>\n\n\n\n<ol class=\"wp-block-list\"><li>Stereoskopick\u00e9 obrazy \u2013 \u201eSv\u011bt i region kolem roku 1900\u201c<\/li><li>Historick\u00e9 fotografie Mostecka a<\/li><li>Virtu\u00e1ln\u00ed muzeum Mostecka.<\/li><\/ol>\n\n\n\n<p>Jedn\u00e1 se o interaktivn\u00ed DVZ, kter\u00fd aktivn\u011b zapojuje \u017e\u00e1ky ze Z\u0160 a S\u0160 do procesu u\u010den\u00ed.<\/p>\n\n\n\n<ul class=\"wp-block-list\"><li>C\u00edlem projektu je vytvo\u0159en\u00ed nov\u00e9 interaktivn\u00ed formy prezentace expon\u00e1t\u016f\/sb\u00edrek Oblastn\u00edho muzea a galerie v Most\u011b, kter\u00e1 bude p\u0159\u00edstupn\u00e1 a vyu\u017eiteln\u00e1 online nebo prezen\u010dn\u011b za pomoci digit\u00e1ln\u00edch technologi\u00ed pro pot\u0159eby vzd\u011bl\u00e1v\u00e1n\u00ed \u017e\u00e1k\u016f na Z\u0160 a S\u0160. Tato forma v\u00fduky je kl\u00ed\u010dem ke zlep\u0161en\u00ed kvality vzd\u011bl\u00e1v\u00e1n\u00ed a sn\u00ed\u017een\u00ed studijn\u00ed ne\u00fasp\u011b\u0161nosti \u017e\u00e1k\u016f v&nbsp;p\u0159edm\u011btech jako d\u011bjepis, vlastiv\u011bda, zem\u011bpis a p\u0159\u00edrodov\u011bda. Projekt se soust\u0159ed\u00ed na zapojen\u00ed digit\u00e1ln\u00edch technologi\u00ed do v\u00fduky \u017e\u00e1k\u016f s&nbsp;d\u016frazem na interaktivn\u00ed zapojen\u00ed. U \u017e\u00e1k\u016f dojde k zv\u00fd\u0161en\u00ed digit\u00e1ln\u00ed gramotnosti a informatick\u00e9ho my\u0161len\u00ed. Projekt po\u010d\u00edt\u00e1 se zapojen\u00edm \u017e\u00e1k\u016f se SVP, pro jejich\u017e pot\u0159eby bude DVZ tak\u00e9 p\u0159ipraven.<\/li><li>Projekt Panor\u00e1ma star\u00e9ho Mostecka je spolufinancov\u00e1n Evropskou uni\u00ed.<\/li><\/ul>\n","protected":false},"excerpt":{"rendered":"<p>Registra\u010dn\u00ed \u010d\u00edslo CZ.02.3.68\/0.0\/0.0\/18_067\/0012378 Projekt realizovan\u00fd v&nbsp;r\u00e1mci partnerstv\u00ed s&nbsp;Oblastn\u00edm muzeem a galeri\u00ed v&nbsp;Most\u011b, p\u0159\u00edsp\u011bvkovou organizac\u00ed jako p\u0159\u00edjemcem dotace. Zah\u00e1jen\u00ed realizace projektu: &hellip; <\/p>\n","protected":false},"author":1,"featured_media":0,"parent":386,"menu_order":-1,"comment_status":"closed","ping_status":"closed","template":"","meta":{"footnotes":""},"class_list":["post-1350","page","type-page","status-publish","hentry","latest_post"],"_links":{"self":[{"href":"https:\/\/www.zsjanov.cz\/index.php?rest_route=\/wp\/v2\/pages\/1350","targetHints":{"allow":["GET"]}}],"collection":[{"href":"https:\/\/www.zsjanov.cz\/index.php?rest_route=\/wp\/v2\/pages"}],"about":[{"href":"https:\/\/www.zsjanov.cz\/index.php?rest_route=\/wp\/v2\/types\/page"}],"author":[{"embeddable":true,"href":"https:\/\/www.zsjanov.cz\/index.php?rest_route=\/wp\/v2\/users\/1"}],"replies":[{"embeddable":true,"href":"https:\/\/www.zsjanov.cz\/index.php?rest_route=%2Fwp%2Fv2%2Fcomments&post=1350"}],"version-history":[{"count":1,"href":"https:\/\/www.zsjanov.cz\/index.php?rest_route=\/wp\/v2\/pages\/1350\/revisions"}],"predecessor-version":[{"id":1351,"href":"https:\/\/www.zsjanov.cz\/index.php?rest_route=\/wp\/v2\/pages\/1350\/revisions\/1351"}],"up":[{"embeddable":true,"href":"https:\/\/www.zsjanov.cz\/index.php?rest_route=\/wp\/v2\/pages\/386"}],"wp:attachment":[{"href":"https:\/\/www.zsjanov.cz\/index.php?rest_route=%2Fwp%2Fv2%2Fmedia&parent=1350"}],"curies":[{"name":"wp","href":"https:\/\/api.w.org\/{rel}","templated":true}]}}

Panorama starého mostecka

<figure class="wp-block-image size-large"><img loading="lazy" decoding="async" width="1024" height="227" src="http://test.zsjanov.cz/wp-content/uploads/2022/08/Logolink_OP_VVV_hor_barva_cz-1024x227.jpg" alt="" class="wp-image-568" srcset="https://www.zsjanov.cz/wp-content/uploads/2022/08/Logolink_OP_VVV_hor_barva_cz-1024x227.jpg 1024w, https://www.zsjanov.cz/wp-content/uploads/2022/08/Logolink_OP_VVV_hor_barva_cz-300x67.jpg 300w, https://www.zsjanov.cz/wp-content/uploads/2022/08/Logolink_OP_VVV_hor_barva_cz-768x170.jpg 768w, https://www.zsjanov.cz/wp-content/uploads/2022/08/Logolink_OP_VVV_hor_barva_cz-1536x341.jpg 1536w, https://www.zsjanov.cz/wp-content/uploads/2022/08/Logolink_OP_VVV_hor_barva_cz.jpg 1559w" sizes="auto, (max-width: 1024px) 100vw, 1024px" /></figure>



<p>Registrační číslo CZ.02.3.68/0.0/0.0/18_067/0012378</p>



<ul class="wp-block-list"><li>Projekt realizovaný v&nbsp;rámci partnerství s&nbsp;Oblastním muzeem a galerií v&nbsp;Mostě, příspěvkovou organizací jako příjemcem dotace.</li><li>Zahájení realizace projektu: 1. 1. 2020</li><li>Ukončení realizace projektu: 31. 12. 2022</li><li>Předmětem projektu je vytvoření digitálního vzdělávací zdroje (DVZ), který bude tvořen třemi vzdělávacími moduly:</li></ul>



<ol class="wp-block-list"><li>Stereoskopické obrazy – „Svět i region kolem roku 1900“</li><li>Historické fotografie Mostecka a</li><li>Virtuální muzeum Mostecka.</li></ol>



<p>Jedná se o interaktivní DVZ, který aktivně zapojuje žáky ze ZŠ a SŠ do procesu učení.</p>



<ul class="wp-block-list"><li>Cílem projektu je vytvoření nové interaktivní formy prezentace exponátů/sbírek Oblastního muzea a galerie v Mostě, která bude přístupná a využitelná online nebo prezenčně za pomoci digitálních technologií pro potřeby vzdělávání žáků na ZŠ a SŠ. Tato forma výuky je klíčem ke zlepšení kvality vzdělávání a snížení studijní neúspěšnosti žáků v&nbsp;předmětech jako dějepis, vlastivěda, zeměpis a přírodověda. Projekt se soustředí na zapojení digitálních technologií do výuky žáků s&nbsp;důrazem na interaktivní zapojení. U žáků dojde k zvýšení digitální gramotnosti a informatického myšlení. Projekt počítá se zapojením žáků se SVP, pro jejichž potřeby bude DVZ také připraven.</li><li>Projekt Panoráma starého Mostecka je spolufinancován Evropskou unií.</li></ul>

<p>Registrační číslo CZ.02.3.68/0.0/0.0/18_067/0012378 Projekt realizovaný v&nbsp;rámci partnerství s&nbsp;Oblastním muzeem a galerií v&nbsp;Mostě, příspěvkovou organizací jako příjemcem dotace. Zahájení realizace projektu: &hellip; </p>
