{"id":1359,"date":"2022-08-11T20:30:58","date_gmt":"2022-08-11T18:30:58","guid":{"rendered":"http:\/\/test.zsjanov.cz\/?page_id=1359"},"modified":"2024-02-21T12:22:17","modified_gmt":"2024-02-21T11:22:17","slug":"spoluprace-pro-zivot","status":"publish","type":"page","link":"https:\/\/www.zsjanov.cz\/?page_id=1359","title":{"rendered":"\u0160ablony I &#8211; Spolupr\u00e1ce pro \u017eivot"},"content":{"rendered":"\n<figure class=\"wp-block-image size-large is-resized\"><img loading=\"lazy\" decoding=\"async\" width=\"1024\" height=\"531\" src=\"http:\/\/www.zsjanov.cz\/wp-content\/uploads\/2022\/08\/logo-1024x531.jpg\" alt=\"opvvv\" class=\"wp-image-1039\" style=\"width:572px;height:auto\" srcset=\"https:\/\/www.zsjanov.cz\/wp-content\/uploads\/2022\/08\/logo-1024x531.jpg 1024w, https:\/\/www.zsjanov.cz\/wp-content\/uploads\/2022\/08\/logo-300x156.jpg 300w, https:\/\/www.zsjanov.cz\/wp-content\/uploads\/2022\/08\/logo-768x398.jpg 768w, https:\/\/www.zsjanov.cz\/wp-content\/uploads\/2022\/08\/logo-1536x797.jpg 1536w, https:\/\/www.zsjanov.cz\/wp-content\/uploads\/2022\/08\/logo-2048x1062.jpg 2048w\" sizes=\"auto, (max-width: 1024px) 100vw, 1024px\" \/><\/figure>\n\n\n\n<p>Na\u0161e \u0161kola je zapojen\u00e1 do projektu OP VVV &#8211; V\u00fdzva \u010d. 02_16_022, pod n\u00e1zvem \u201eCesta pro \u017eivot\u201c.<\/p>\n\n\n\n<p>Projekt je zam\u011b\u0159en na kombinaci n\u00e1sleduj\u00edc\u00edch t\u00e9mat: osobnostn\u011b profesn\u00ed rozvoj pedagog\u016f,<\/p>\n\n\n\n<p>spole\u010dn\u00e9 vzd\u011bl\u00e1v\u00e1n\u00ed d\u011bt\u00ed a \u017e\u00e1k\u016f, usnadn\u011bn\u00ed p\u0159echodu d\u011bt\u00ed z mate\u0159sk\u00e9 \u0161koly do z\u00e1kladn\u00ed \u0161koly,<\/p>\n\n\n\n<p>podpora extrakurikul\u00e1rn\u00edch aktivit a spolupr\u00e1ce s rodi\u010di d\u011bt\u00ed a \u017e\u00e1k\u016f.<\/p>\n\n\n\n<p>Fyzick\u00e1 realizace projektu je od 1. 4. 2017 do 31. 3. 2019<\/p>\n","protected":false},"excerpt":{"rendered":"<p>Na\u0161e \u0161kola je zapojen\u00e1 do projektu OP VVV &#8211; V\u00fdzva \u010d. 02_16_022, pod n\u00e1zvem \u201eCesta pro \u017eivot\u201c. Projekt je zam\u011b\u0159en &hellip; <\/p>\n","protected":false},"author":1,"featured_media":0,"parent":386,"menu_order":-1,"comment_status":"closed","ping_status":"closed","template":"","meta":{"footnotes":""},"class_list":["post-1359","page","type-page","status-publish","hentry","latest_post"],"_links":{"self":[{"href":"https:\/\/www.zsjanov.cz\/index.php?rest_route=\/wp\/v2\/pages\/1359","targetHints":{"allow":["GET"]}}],"collection":[{"href":"https:\/\/www.zsjanov.cz\/index.php?rest_route=\/wp\/v2\/pages"}],"about":[{"href":"https:\/\/www.zsjanov.cz\/index.php?rest_route=\/wp\/v2\/types\/page"}],"author":[{"embeddable":true,"href":"https:\/\/www.zsjanov.cz\/index.php?rest_route=\/wp\/v2\/users\/1"}],"replies":[{"embeddable":true,"href":"https:\/\/www.zsjanov.cz\/index.php?rest_route=%2Fwp%2Fv2%2Fcomments&post=1359"}],"version-history":[{"count":2,"href":"https:\/\/www.zsjanov.cz\/index.php?rest_route=\/wp\/v2\/pages\/1359\/revisions"}],"predecessor-version":[{"id":2679,"href":"https:\/\/www.zsjanov.cz\/index.php?rest_route=\/wp\/v2\/pages\/1359\/revisions\/2679"}],"up":[{"embeddable":true,"href":"https:\/\/www.zsjanov.cz\/index.php?rest_route=\/wp\/v2\/pages\/386"}],"wp:attachment":[{"href":"https:\/\/www.zsjanov.cz\/index.php?rest_route=%2Fwp%2Fv2%2Fmedia&parent=1359"}],"curies":[{"name":"wp","href":"https:\/\/api.w.org\/{rel}","templated":true}]}}

Šablony I &#8211; Spolupráce pro život

<figure class="wp-block-image size-large is-resized"><img loading="lazy" decoding="async" width="1024" height="531" src="http://www.zsjanov.cz/wp-content/uploads/2022/08/logo-1024x531.jpg" alt="opvvv" class="wp-image-1039" style="width:572px;height:auto" srcset="https://www.zsjanov.cz/wp-content/uploads/2022/08/logo-1024x531.jpg 1024w, https://www.zsjanov.cz/wp-content/uploads/2022/08/logo-300x156.jpg 300w, https://www.zsjanov.cz/wp-content/uploads/2022/08/logo-768x398.jpg 768w, https://www.zsjanov.cz/wp-content/uploads/2022/08/logo-1536x797.jpg 1536w, https://www.zsjanov.cz/wp-content/uploads/2022/08/logo-2048x1062.jpg 2048w" sizes="auto, (max-width: 1024px) 100vw, 1024px" /></figure>



<p>Naše škola je zapojená do projektu OP VVV &#8211; Výzva č. 02_16_022, pod názvem „Cesta pro život“.</p>



<p>Projekt je zaměřen na kombinaci následujících témat: osobnostně profesní rozvoj pedagogů,</p>



<p>společné vzdělávání dětí a žáků, usnadnění přechodu dětí z mateřské školy do základní školy,</p>



<p>podpora extrakurikulárních aktivit a spolupráce s rodiči dětí a žáků.</p>



<p>Fyzická realizace projektu je od 1. 4. 2017 do 31. 3. 2019</p>

<p>Naše škola je zapojená do projektu OP VVV &#8211; Výzva č. 02_16_022, pod názvem „Cesta pro život“. Projekt je zaměřen &hellip; </p>
