{"id":1361,"date":"2022-08-11T20:33:31","date_gmt":"2022-08-11T18:33:31","guid":{"rendered":"http:\/\/test.zsjanov.cz\/?page_id=1361"},"modified":"2022-08-11T20:37:25","modified_gmt":"2022-08-11T18:37:25","slug":"rozvoj-kreativity-ve-vyuce-prirodovednych-predmet","status":"publish","type":"page","link":"https:\/\/www.zsjanov.cz\/?page_id=1361","title":{"rendered":"Rozvoj kreativity ve v\u00fduce p\u0159\u00edrodov\u011bdn\u00fdch p\u0159edm\u011bt"},"content":{"rendered":"\n<p>\u00edslo projektu: CZ.02.3.68\/0.0\/0.0\/16_010\/0000549<\/p>\n\n\n\n<p>Opera\u010dn\u00ed program: V\u00fdzkum, v\u00fdvoj a vzd\u011bl\u00e1v\u00e1n\u00ed<\/p>\n\n\n\n<p>V\u00fdzva: Budov\u00e1n\u00ed kapacit<\/p>\n\n\n\n<p>Doba realizace: 01. 01. 2017 &#8211; 31. 12. 2019<\/p>\n\n\n\n<h2 class=\"wp-block-heading\"><strong><a href=\"http:\/\/test.zsjanov.cz\/wp-content\/uploads\/2022\/08\/letak_web.pdf\" data-type=\"attachment\" data-id=\"1137\">Let\u00e1k<\/a><\/strong><\/h2>\n\n\n\n<h2 class=\"wp-block-heading\"><strong><a href=\"http:\/\/test.zsjanov.cz\/wp-content\/uploads\/2022\/08\/rozvoj_kreativity_pirodovdnych_pedmt_tema_ws_terminy.pdf\" data-type=\"attachment\" data-id=\"1138\">Rozvoj kreativity p\u0159\u00edrodov\u011bdn\u00fdch p\u0159edm\u011bt\u016f &#8211; T\u00e9ma WS term\u00edny<\/a><\/strong><\/h2>\n\n\n\n<p>C\u00edlem projektu je zatraktivn\u011bn\u00ed v\u00fduky p\u0159\u00edrodn\u00edch v\u011bd pro \u017e\u00e1ky z\u00e1kladn\u00edch \u0161kol, podn\u00edcen\u00ed a rozvoj jejich kreativity, a to zapojen\u00edm \u017e\u00e1k\u016f do v\u00fduky formou experiment\u00e1ln\u00ed v\u00fduky. Tohoto c\u00edle bude dosa\u017eeno rozv\u00edjen\u00edm dovednost\u00ed a kreativity jednotliv\u00fdch lektor\u016f skrze setk\u00e1n\u00ed a workshopy, na kter\u00fdch si budou p\u0159ed\u00e1vat vz\u00e1jemn\u00e9 zku\u0161enosti.<\/p>\n\n\n\n<p>Tyto zku\u0161enosti budou p\u0159ed\u00e1v\u00e1ny vz\u00e1jemn\u00fdm s\u00ed\u0165ov\u00e1n\u00edm \u0161kol, kter\u00e9 v sou\u010dasn\u00e9 dob\u011b<\/p>\n\n\n\n<p>v \u010desk\u00e9m prost\u0159ed\u00ed absentuj\u00ed. Kl\u00ed\u010dov\u00fdm n\u00e1strojem pro rozvoj kreativity bude komplexn\u00ed experiment, k jeho\u017e dosa\u017een\u00ed budou v r\u00e1mci projektu zakoupeny pom\u016fcky, kter\u00e9 rozvoj kreativity \u017e\u00e1k\u016f podn\u011bcuj\u00ed a mohou k n\u011bmu dopomoci.<\/p>\n","protected":false},"excerpt":{"rendered":"<p>\u00edslo projektu: CZ.02.3.68\/0.0\/0.0\/16_010\/0000549 Opera\u010dn\u00ed program: V\u00fdzkum, v\u00fdvoj a vzd\u011bl\u00e1v\u00e1n\u00ed V\u00fdzva: Budov\u00e1n\u00ed kapacit Doba realizace: 01. 01. 2017 &#8211; 31. 12. &hellip; <\/p>\n","protected":false},"author":1,"featured_media":0,"parent":386,"menu_order":-1,"comment_status":"closed","ping_status":"closed","template":"","meta":{"footnotes":""},"class_list":["post-1361","page","type-page","status-publish","hentry","latest_post"],"_links":{"self":[{"href":"https:\/\/www.zsjanov.cz\/index.php?rest_route=\/wp\/v2\/pages\/1361","targetHints":{"allow":["GET"]}}],"collection":[{"href":"https:\/\/www.zsjanov.cz\/index.php?rest_route=\/wp\/v2\/pages"}],"about":[{"href":"https:\/\/www.zsjanov.cz\/index.php?rest_route=\/wp\/v2\/types\/page"}],"author":[{"embeddable":true,"href":"https:\/\/www.zsjanov.cz\/index.php?rest_route=\/wp\/v2\/users\/1"}],"replies":[{"embeddable":true,"href":"https:\/\/www.zsjanov.cz\/index.php?rest_route=%2Fwp%2Fv2%2Fcomments&post=1361"}],"version-history":[{"count":3,"href":"https:\/\/www.zsjanov.cz\/index.php?rest_route=\/wp\/v2\/pages\/1361\/revisions"}],"predecessor-version":[{"id":1366,"href":"https:\/\/www.zsjanov.cz\/index.php?rest_route=\/wp\/v2\/pages\/1361\/revisions\/1366"}],"up":[{"embeddable":true,"href":"https:\/\/www.zsjanov.cz\/index.php?rest_route=\/wp\/v2\/pages\/386"}],"wp:attachment":[{"href":"https:\/\/www.zsjanov.cz\/index.php?rest_route=%2Fwp%2Fv2%2Fmedia&parent=1361"}],"curies":[{"name":"wp","href":"https:\/\/api.w.org\/{rel}","templated":true}]}}