{"id":178,"date":"2021-10-22T20:56:43","date_gmt":"2021-10-22T18:56:43","guid":{"rendered":"http:\/\/test.zsjanov.cz\/?page_id=178"},"modified":"2025-09-11T16:04:55","modified_gmt":"2025-09-11T14:04:55","slug":"materska-skola-slunicko","status":"publish","type":"page","link":"https:\/\/www.zsjanov.cz\/?page_id=178","title":{"rendered":"M\u0160 Slun\u00ed\u010dko"},"content":{"rendered":"\n<div class=\"wp-block-columns is-layout-flex wp-container-core-columns-is-layout-9d6595d7 wp-block-columns-is-layout-flex\">\n<div class=\"wp-block-column is-layout-flow wp-block-column-is-layout-flow\" style=\"flex-basis:100%\">\n<div class=\"wp-block-media-text alignwide has-media-on-the-right is-stacked-on-mobile\" style=\"grid-template-columns:auto 20%\"><div class=\"wp-block-media-text__content\">\n<p class=\"has-medium-font-size\">Bc. Lenka Klimplov\u00e1<\/p>\n\n\n\n<p>Tel.: 736 633 598<\/p>\n\n\n\n<p>Email: <a rel=\"noreferrer noopener\" href=\"mailto:slunicko@zsjanov.cz?subject=zpr%C3%A1va%20z%20webu\" target=\"_blank\">slunicko@zsjanov.cz<\/a><\/p>\n\n\n\n<p class=\"has-medium-font-size\"><\/p>\n<\/div><figure class=\"wp-block-media-text__media\"><img decoding=\"async\" src=\"http:\/\/test.zsjanov.cz\/wp-content\/uploads\/2021\/11\/slunce2-3.png\" alt=\"\" class=\"wp-image-298 size-full\"\/><\/figure><\/div>\n<\/div>\n<\/div>\n\n\n\n<h2 class=\"wp-block-heading has-luminous-vivid-amber-background-color has-background\">Aktuality<\/h2>\n\n\n<ul class=\"wp-block-latest-posts__list has-dates has-author wp-block-latest-posts\"><li><a class=\"wp-block-latest-posts__post-title\" href=\"https:\/\/www.zsjanov.cz\/?p=4238\">Seznam p\u0159ijat\u00fdch d\u011bt\u00ed M\u0160 Parapl\u00ed\u010dko<\/a><div class=\"wp-block-latest-posts__post-author\">Autor: zsjanov<\/div><time datetime=\"2026-04-29T16:51:58+02:00\" class=\"wp-block-latest-posts__post-date\">29. 4. 2026<\/time><div class=\"wp-block-latest-posts__post-excerpt\">Seznam p\u0159ijat\u00fdch d\u011bt\u00ed M\u0160 Parapl\u00ed\u010dko<\/div><\/li>\n<li><a class=\"wp-block-latest-posts__post-title\" href=\"https:\/\/www.zsjanov.cz\/?p=4200\">Pozv\u00e1nka na kurz prvn\u00ed pomoci<\/a><div class=\"wp-block-latest-posts__post-author\">Autor: zsjanov<\/div><time datetime=\"2026-03-26T08:48:14+01:00\" class=\"wp-block-latest-posts__post-date\">26. 3. 2026<\/time><div class=\"wp-block-latest-posts__post-excerpt\"><\/div><\/li>\n<li><a class=\"wp-block-latest-posts__post-title\" href=\"https:\/\/www.zsjanov.cz\/?p=4195\">Pozv\u00e1nka na Mezin\u00e1rodn\u00ed den Rom\u016f<\/a><div class=\"wp-block-latest-posts__post-author\">Autor: zsjanov<\/div><time datetime=\"2026-03-26T08:47:04+01:00\" class=\"wp-block-latest-posts__post-date\">26. 3. 2026<\/time><div class=\"wp-block-latest-posts__post-excerpt\"><\/div><\/li>\n<li><a class=\"wp-block-latest-posts__post-title\" href=\"https:\/\/www.zsjanov.cz\/?p=4168\">Seznam p\u0159ijat\u00fdch \u017e\u00e1k\u016f pro \u0161koln\u00ed rok 2026\/2027<\/a><div class=\"wp-block-latest-posts__post-author\">Autor: zsjanov<\/div><time datetime=\"2026-03-08T17:22:38+01:00\" class=\"wp-block-latest-posts__post-date\">8. 3. 2026<\/time><div class=\"wp-block-latest-posts__post-excerpt\">Seznam p\u0159ijat\u00fdch \u017e\u00e1k\u016f<\/div><\/li>\n<li><a class=\"wp-block-latest-posts__post-title\" href=\"https:\/\/www.zsjanov.cz\/?p=4145\">Tvo\u0159iv\u00e9 d\u00edlny<\/a><div class=\"wp-block-latest-posts__post-author\">Autor: zsjanov<\/div><time datetime=\"2025-12-09T08:13:23+01:00\" class=\"wp-block-latest-posts__post-date\">9. 12. 2025<\/time><div class=\"wp-block-latest-posts__post-excerpt\">Video prezentace \u017d\u00e1ci ze Z\u00e1kladn\u00ed \u0161koly a Mate\u0159sk\u00e9 \u0161koly Litv\u00ednov &#8211; Janov spole\u010dn\u011b s d\u011btmi z D\u011btsk\u00e9ho domova Tuchlov uspo\u0159\u00e1dali &hellip; <\/div><\/li>\n<\/ul>\n\n\n<p>&nbsp;&nbsp;<\/p>\n\n\n\n<h2 class=\"wp-block-heading has-luminous-vivid-amber-background-color has-background\">Odkazy<\/h2>\n\n\n\n<div class=\"wp-block-buttons is-horizontal is-layout-flex wp-block-buttons-is-layout-flex\">\n<div class=\"wp-block-button has-custom-width wp-block-button__width-50\"><a class=\"wp-block-button__link has-luminous-vivid-amber-background-color has-background has-medium-font-size has-custom-font-size wp-element-button\" href=\"http:\/\/www.zsjanov.cz\/?post_type=tribe_events\" style=\"border-radius:10px\"><strong>Pl\u00e1novan\u00e9 akce<\/strong><\/a><\/div>\n<\/div>\n\n\n\n<p><\/p>\n\n\n\n<div class=\"wp-block-buttons is-layout-flex wp-block-buttons-is-layout-flex\">\n<div class=\"wp-block-button has-custom-width wp-block-button__width-50\"><a class=\"wp-block-button__link has-luminous-vivid-amber-background-color has-background wp-element-button\" href=\"http:\/\/www.zsjanov.cz\/?page_id=2120\" style=\"border-radius:10px\"><strong>Informace k z\u00e1pisu do M\u0160 pro \u0161koln\u00ed rok 2026\/2027<\/strong><\/a><\/div>\n<\/div>\n\n\n\n<p><\/p>\n\n\n\n<div class=\"wp-block-buttons is-layout-flex wp-block-buttons-is-layout-flex\">\n<div class=\"wp-block-button has-custom-width wp-block-button__width-50\"><a class=\"wp-block-button__link has-luminous-vivid-amber-background-color has-background has-medium-font-size has-custom-font-size wp-element-button\" href=\"http:\/\/www.zsjanov.cz\/wp-content\/uploads\/2024\/04\/ZADOST-PRIJETI.docx\" style=\"border-radius:10px\" target=\"_blank\" rel=\"noreferrer noopener\"><strong>\u017d\u00e1dost o p\u0159ijet\u00ed k p\u0159ed\u0161koln\u00edmu vzd\u011bl\u00e1v\u00e1n\u00ed<\/strong><\/a><\/div>\n<\/div>\n\n\n\n<p><\/p>\n\n\n\n<div class=\"wp-block-buttons is-layout-flex wp-block-buttons-is-layout-flex\">\n<div class=\"wp-block-button has-custom-width wp-block-button__width-50\"><a class=\"wp-block-button__link has-luminous-vivid-amber-background-color has-background wp-element-button\" href=\"http:\/\/www.zsjanov.cz\/wp-content\/uploads\/2024\/04\/vyjadrenilekare.pdf\" style=\"border-radius:10px\" target=\"_blank\" rel=\"noreferrer noopener\"><strong>\u010cestn\u00e9 prohl\u00e1\u0161en\u00ed &#8211; l\u00e9ka\u0159<\/strong><\/a><\/div>\n<\/div>\n\n\n\n<p>&nbsp; &nbsp;&nbsp;&nbsp;&nbsp;&nbsp;&nbsp;&nbsp;&nbsp;<\/p>\n\n\n\n<p class=\"has-luminous-vivid-amber-background-color has-background\"><strong><em>Motto: &#8222;V\u0161echno, co opravdu pot\u0159ebuji zn\u00e1t, jsem se nau\u010dil v mate\u0159sk\u00e9 \u0161kole&#8220; Robert Fulghu<\/em><\/strong>m<\/p>\n\n\n\n<p>Pracujeme podle \u0161koln\u00edho vzd\u011bl\u00e1vac\u00edho programu pod n\u00e1zvem <strong>\u201eKrtek a slun\u00ed\u010dko\u201c.<\/strong> <\/p>\n\n\n\n<p><a href=\"http:\/\/www.zsjanov.cz\/wp-content\/uploads\/2023\/04\/KRTEK_SVP.pdf\" data-type=\"attachment\" data-id=\"2138\" target=\"_blank\" rel=\"noreferrer noopener\">\u0160VP &#8211; Krtek a slun\u00ed\u010dko<\/a><\/p>\n\n\n\n<p><a href=\"http:\/\/www.zsjanov.cz\/wp-content\/uploads\/2025\/09\/dennicinnost.jpg\" data-type=\"attachment\" data-id=\"4033\" target=\"_blank\" rel=\"noreferrer noopener\">Denn\u00ed harmonogram \u010dinnost\u00ed<\/a><\/p>\n\n\n\n<p><a href=\"http:\/\/www.zsjanov.cz\/wp-content\/uploads\/2023\/04\/ROCNI-PLAN-2022_23.pdf\" data-type=\"attachment\" data-id=\"2137\" target=\"_blank\" rel=\"noreferrer noopener\">Ro\u010dn\u00ed pl\u00e1n &#8211; Krtek a slun\u00ed\u010dko<\/a><\/p>\n\n\n\n<p><a href=\"http:\/\/www.zsjanov.cz\/wp-content\/uploads\/2023\/04\/KRTEK-rocni-plan.pdf\" data-type=\"attachment\" data-id=\"2139\" target=\"_blank\" rel=\"noreferrer noopener\">M\u011bs\u00ed\u010dn\u00ed pl\u00e1n &#8211; Krtek a slun\u00ed\u010dko<\/a><\/p>\n\n\n\n<ul class=\"wp-block-list\">\n<li>MALOVAN\u00dd PODZIM <\/li>\n<\/ul>\n\n\n\n<ul class=\"wp-block-list\">\n<li>ZIMA \u010cARUJE, NA OKNA MALUJE <\/li>\n<\/ul>\n\n\n\n<ul class=\"wp-block-list\">\n<li>JARO BARVY PROBUD\u00cd, ZIMA U\u017d N\u00c1S NESTUD\u00cd <\/li>\n<\/ul>\n\n\n\n<ul class=\"wp-block-list\">\n<li>LETN\u00cdMU SLUN\u00cd\u010cKU DEJ SPR\u00c1VNOU BARVI\u010cKU <\/li>\n<\/ul>\n\n\n\n<p class=\"has-luminous-vivid-amber-background-color has-background\"><strong>NA\u0160\u00cdM C\u00cdLEM JE:<\/strong><\/p>\n\n\n\n<p>\u00b7 HARMONICK\u00dd A V\u0160ESTRANN\u00dd ROZVOJ D\u011aT\u00cd V POHODOV\u00c9M A PODN\u011aTN\u00c9M Z\u00c1ZEM\u00cd<\/p>\n\n\n\n<p>\u00b7 SPOKOJEN\u00c9 A \u0160TA\u0160TN\u00c9 D\u00cdT\u011a<\/p>\n\n\n\n<p>\u00b7 P\u0158IPRAVENOST A SNAZ\u0160\u00cd P\u0158ECHOD DO 1. T\u0158\u00cdDY Z\u00c1KLADN\u00cd \u0160KOLY<\/p>\n\n\n\n<p>\u00b7 SPOKOJENOST A D\u016eV\u011aRA RODI\u010c\u016e V PR\u00c1CI PEDAGOG\u016e<\/p>\n\n\n\n<p>\u00b7 <strong>NADSTANDARTN\u00cd AKTIVITY<\/strong> \u2013 LOGOPEDICK\u00c1 P\u00c9\u010cE, KERAMIKA, PREVENCE, ANGLI\u010cTINA, PLAV\u00c1N\u00cd, DIGIT\u00c1LN\u00cd A IT TECHNOLOGIE<\/p>\n\n\n\n<p>\u00b7 OPROTI TOMU P\u0158IROZEN\u00c1 HRA S TRADI\u010cN\u00cdMI HRA\u010cKAMI A PODN\u011aTN\u00ddMI DIDAKTICK\u00ddMI POM\u016eCKAMI, P\u0158\u00cdRODNINAMI<\/p>\n\n\n\n<p>\u00b7 PODPOROVAT EKOLOGICK\u00c9 AKTIVITY NA ZAHRAD\u011a M\u0160, KTER\u00c1 JE NAVR\u017dENA V P\u0158\u00cdRODN\u00cdM STYLU<\/p>\n\n\n\n<p>\u00b7 PROHLUBOV\u00c1N\u00cd SPOLUPR\u00c1CE S RODINOU \u2013 SPOLE\u010cN\u00c9 AKTIVITY S RODI\u010cI, TEMATICK\u00c9 ZAHRADN\u00cd SLAVNOSTI<\/p>\n\n\n\n<p>\u00b7 ORGANIZACE TEMATICK\u00ddCH V\u00ddLET\u016e<\/p>\n\n\n\n<p>\u00b7 POHODOV\u00c9 Z\u00c1ZEM\u00cd, VL\u00cdDN\u00c9 KLIMA A SPOKOJENOST V\u0160ECH Z\u00da\u010cASTN\u011aN\u00ddCH<\/p>\n\n\n\n<p><strong>AKCE V PR\u016eB\u011aHU \u0160KOLN\u00cdHO ROKU<\/strong><\/p>\n\n\n\n<p>\u00b7 ZAHRADN\u00cd TEMATICK\u00c9 SLAVNOSTI PRO RODI\u010cE S D\u011aTMI<\/p>\n\n\n\n<p>(SLAVNOSTN\u00cd ZAH\u00c1JEN\u00cd \u0160KOLN\u00cdHO ROKU, ZAMYK\u00c1N\u00cd ZAHRADY, DU\u0160I\u010cKOV\u00c1 SLAVNOST, V\u00c1NO\u010cN\u00cd JARMARK, JARN\u00cd \u00daKLIDOV\u00c1 SLAVNOST, VELIKONO\u010cN\u00cd POKLAD, KV\u011aTINKOV\u00c1 SLAVNOST PRO MAMINKY, OSLAVY MDD, LOU\u010cEN\u00cd SE \u0160KOL\u00c1KY)<\/p>\n\n\n\n<p>\u00b7 WORKSHOPY A D\u00cdLNI\u010cKY PRO RODI\u010cE S D\u011aTMI<\/p>\n\n\n\n<p>\u00b7 CELORO\u010cN\u00cd EKOLOGICK\u00dd PROJEKT \u2013 M\u011aS\u00cd\u010cN\u011a<\/p>\n\n\n\n<p>\u00b7 PRAVIDELN\u00c9 N\u00c1V\u0160T\u011aVY KLUBU JAKL\u00cdK P\u0158I MP LITV\u00cdNOV \u2013 PREVENCE<\/p>\n\n\n\n<p>\u00b7 PRAVIDELN\u00c1 DIVADELN\u00cd P\u0158EDSTAVEN\u00cd V M\u0160 I V\u00ddJEZDOV\u011a \u2013 DVD LITV\u00cdNOV, DIVADLO ROZMANITOST\u00cd MOST<\/p>\n\n\n\n<p>\u00b7 TEMATICK\u00c9 DNY V M\u0160, DO KTER\u00ddCH JSOU AKTIVN\u011a ZAPOJENI RODI\u010cE ( Z POH\u00c1DKY DO POH\u00c1DKY, \u010cERT\u00cd \u0160KOLKA, V\u00c1NOCE, KARNEVAL, \u010cAROD\u011aJNICE, ODEMYK\u00c1N\u00cd ZAHRADY,\u2026)<\/p>\n\n\n\n<p>\u00b7 PREZENTACE A VYSTOUPEN\u00cd D\u011aT\u00cd \u2013 AKADEMIE, DSS JANOV, DSS LITV\u00cdNOV, PO\u0160TA LITV\u00cdNOV<\/p>\n\n\n\n<p>\u00b7 V\u00ddLETY DO OKOL\u00cd I CELODENN\u00cd V\u00ddLETY<\/p>\n\n\n\n<p>\u00b7 N\u00c1V\u0160T\u011aVY 1. T\u0158\u00cdD \u2013 UK\u00c1ZKOV\u00c1 HODINA V 1. T\u0158\u00cdD\u011a Z\u0160<\/p>\n\n\n\n<p>\u00b7 \u00daZK\u00c1 SPOLUPR\u00c1CE SE Z\u0160 A \u0160D<\/p>\n\n\n\n<p><strong>POZITIVA P\u0158ED\u0160KOLN\u00cdHO VZD\u011aL\u00c1V\u00c1N\u00cd<\/strong><\/p>\n\n\n\n<p>\u00b7 KONTAKT S VRSTEVN\u00cdKY \u2013 SOCI\u00c1LN\u00cd KONTAKTY, NAVAZOV\u00c1N\u00cd D\u016eLE\u017dIT\u00ddCH P\u0158\u00c1TELSTV\u00cd, NAU\u010cIT SE POHYBOVAT A KOMUNIKOVAT S D\u011aTMI I DOSP\u011aL\u00ddMI, ZDVO\u0158ILOSTN\u00cd N\u00c1VYKY<\/p>\n\n\n\n<p>\u00b7 UPEVN\u011aN\u00cd POZITIVN\u00cdCH VZTAH\u016e, POTLA\u010cEN\u00cd BEZD\u016eVODN\u00c9 AGRESE MEZI D\u011aTMI<\/p>\n\n\n\n<p>\u00b7 ZDRAV\u00c1 SED\u016eV\u011aRA A SEBEJISTOTA D\u00cdT\u011aTE, ZDRAV\u00c9 PROSAZOV\u00c1N\u00cd SE<\/p>\n\n\n\n<p>\u00b7 UPEVN\u011aN\u00cd SEBEOBSLU\u017dN\u00ddCH N\u00c1VYK\u016e<\/p>\n\n\n\n<p>\u00b7 P\u0158\u00cdPRAVA NA VSTUP DO \u0160KOLY \u2013 PRACOVN\u00cd N\u00c1VYKY<\/p>\n\n\n\n<p>\u00b7 ROZVOJ KOMUNIKACE A V\u00ddSLOVNOST<\/p>\n\n\n\n<p>\u00b7 V\u0160T\u00cdPEN\u00cd PRAVIDEL, \u0158\u00c1DU A RE\u017dIMU D\u016eLE\u017dIT\u00c9HO PRO BUDOUC\u00cdHO \u0160KOL\u00c1KA<\/p>\n\n\n\n<p>\u00b7 AKTIVN\u00cd A POZITIVN\u00cd P\u0158\u00cdSTUP, SAMOSTATNOST P\u0158I ROZHODOV\u00c1N\u00cd A PR\u00c1CI<\/p>\n\n\n\n<p>\u00b7 V\u00ddCHOVN\u011a VZD\u011aL\u00c1VAC\u00cd FUNKCE<\/p>\n\n\n\n<p>\u00b7 V\u0160EOBECN\u00dd P\u0158EHLED ODPOV\u00cdDAJ\u00cdC\u00cd P\u0158ED\u0160KOLN\u00cdMU V\u011aKU<\/p>\n\n\n\n<p>\u00b7 TO V\u0160E V POHODOV\u00c9 A POZITIVN\u00cd ATMOSF\u00c9\u0158E V MIL\u00c9M A P\u0158\u00cdV\u011aTIV\u00c9M KOLEKTIVU<\/p>\n\n\n\n<h2 class=\"wp-block-heading has-luminous-vivid-amber-background-color has-background\">T\u0159\u00eddy<\/h2>\n\n\n\n<ol class=\"wp-block-list\">\n<li>t\u0159\u00edda \u017dabi\u010dky<\/li>\n<\/ol>\n\n\n\n<figure class=\"wp-block-image size-medium is-resized\"><a href=\"http:\/\/www.zsjanov.cz\/?page_id=776\"><img loading=\"lazy\" decoding=\"async\" width=\"300\" height=\"293\" src=\"http:\/\/www.zsjanov.cz\/wp-content\/uploads\/2022\/08\/zabky3-300x293.png\" alt=\"\" class=\"wp-image-680\" style=\"width:177px;height:auto\" srcset=\"https:\/\/www.zsjanov.cz\/wp-content\/uploads\/2022\/08\/zabky3-300x293.png 300w, https:\/\/www.zsjanov.cz\/wp-content\/uploads\/2022\/08\/zabky3-1024x999.png 1024w, https:\/\/www.zsjanov.cz\/wp-content\/uploads\/2022\/08\/zabky3-768x749.png 768w, https:\/\/www.zsjanov.cz\/wp-content\/uploads\/2022\/08\/zabky3-1536x1499.png 1536w, https:\/\/www.zsjanov.cz\/wp-content\/uploads\/2022\/08\/zabky3-2048x1998.png 2048w\" sizes=\"auto, (max-width: 300px) 100vw, 300px\" \/><\/a><\/figure>\n\n\n\n<p>2. t\u0159\u00edda Papou\u0161ci<\/p>\n\n\n\n<figure class=\"wp-block-image size-large is-resized\"><a href=\"http:\/\/www.zsjanov.cz\/?page_id=778\"><img loading=\"lazy\" decoding=\"async\" width=\"982\" height=\"1024\" src=\"http:\/\/www.zsjanov.cz\/wp-content\/uploads\/2023\/01\/papusi-982x1024.png\" alt=\"\" class=\"wp-image-2009\" style=\"width:175px;height:auto\" srcset=\"https:\/\/www.zsjanov.cz\/wp-content\/uploads\/2023\/01\/papusi-982x1024.png 982w, https:\/\/www.zsjanov.cz\/wp-content\/uploads\/2023\/01\/papusi-288x300.png 288w, https:\/\/www.zsjanov.cz\/wp-content\/uploads\/2023\/01\/papusi-768x801.png 768w, https:\/\/www.zsjanov.cz\/wp-content\/uploads\/2023\/01\/papusi.png 1395w\" sizes=\"auto, (max-width: 982px) 100vw, 982px\" \/><\/a><\/figure>\n\n\n\n<p>3. t\u0159\u00edda My\u0161ky<\/p>\n\n\n\n<figure class=\"wp-block-image size-medium is-resized\"><a href=\"http:\/\/www.zsjanov.cz\/?page_id=780\"><img loading=\"lazy\" decoding=\"async\" width=\"300\" height=\"268\" src=\"http:\/\/www.zsjanov.cz\/wp-content\/uploads\/2022\/08\/mysky-300x268.png\" alt=\"\" class=\"wp-image-679\" style=\"width:151px;height:auto\" srcset=\"https:\/\/www.zsjanov.cz\/wp-content\/uploads\/2022\/08\/mysky-300x268.png 300w, https:\/\/www.zsjanov.cz\/wp-content\/uploads\/2022\/08\/mysky.png 538w\" sizes=\"auto, (max-width: 300px) 100vw, 300px\" \/><\/a><\/figure>\n\n\n\n<p>4. t\u0159\u00edda Beru\u0161ky<\/p>\n\n\n\n<figure class=\"wp-block-image size-medium is-resized\"><a href=\"http:\/\/www.zsjanov.cz\/?page_id=774\"><img loading=\"lazy\" decoding=\"async\" width=\"300\" height=\"289\" src=\"http:\/\/www.zsjanov.cz\/wp-content\/uploads\/2022\/08\/berusky-300x289.png\" alt=\"\" class=\"wp-image-677\" style=\"width:154px;height:auto\" srcset=\"https:\/\/www.zsjanov.cz\/wp-content\/uploads\/2022\/08\/berusky-300x289.png 300w, https:\/\/www.zsjanov.cz\/wp-content\/uploads\/2022\/08\/berusky-1024x986.png 1024w, https:\/\/www.zsjanov.cz\/wp-content\/uploads\/2022\/08\/berusky-768x740.png 768w, https:\/\/www.zsjanov.cz\/wp-content\/uploads\/2022\/08\/berusky-1536x1479.png 1536w, https:\/\/www.zsjanov.cz\/wp-content\/uploads\/2022\/08\/berusky-2048x1972.png 2048w\" sizes=\"auto, (max-width: 300px) 100vw, 300px\" \/><\/a><\/figure>\n\n\n\n<p><\/p>\n","protected":false},"excerpt":{"rendered":"<p>Bc. Lenka Klimplov\u00e1 Tel.: 736 633 598 Email: slunicko@zsjanov.cz Aktuality &nbsp;&nbsp; Odkazy &nbsp; &nbsp;&nbsp;&nbsp;&nbsp;&nbsp;&nbsp;&nbsp;&nbsp; Motto: &#8222;V\u0161echno, co opravdu pot\u0159ebuji zn\u00e1t, &hellip; <\/p>\n","protected":false},"author":1,"featured_media":0,"parent":0,"menu_order":0,"comment_status":"closed","ping_status":"closed","template":"","meta":{"footnotes":""},"class_list":["post-178","page","type-page","status-publish","hentry","latest_post"],"_links":{"self":[{"href":"https:\/\/www.zsjanov.cz\/index.php?rest_route=\/wp\/v2\/pages\/178","targetHints":{"allow":["GET"]}}],"collection":[{"href":"https:\/\/www.zsjanov.cz\/index.php?rest_route=\/wp\/v2\/pages"}],"about":[{"href":"https:\/\/www.zsjanov.cz\/index.php?rest_route=\/wp\/v2\/types\/page"}],"author":[{"embeddable":true,"href":"https:\/\/www.zsjanov.cz\/index.php?rest_route=\/wp\/v2\/users\/1"}],"replies":[{"embeddable":true,"href":"https:\/\/www.zsjanov.cz\/index.php?rest_route=%2Fwp%2Fv2%2Fcomments&post=178"}],"version-history":[{"count":46,"href":"https:\/\/www.zsjanov.cz\/index.php?rest_route=\/wp\/v2\/pages\/178\/revisions"}],"predecessor-version":[{"id":4062,"href":"https:\/\/www.zsjanov.cz\/index.php?rest_route=\/wp\/v2\/pages\/178\/revisions\/4062"}],"wp:attachment":[{"href":"https:\/\/www.zsjanov.cz\/index.php?rest_route=%2Fwp%2Fv2%2Fmedia&parent=178"}],"curies":[{"name":"wp","href":"https:\/\/api.w.org\/{rel}","templated":true}]}}