{"id":2075,"date":"2023-03-11T09:16:26","date_gmt":"2023-03-11T08:16:26","guid":{"rendered":"http:\/\/www.zsjanov.cz\/?page_id=2075"},"modified":"2025-12-05T08:24:07","modified_gmt":"2025-12-05T07:24:07","slug":"zapis-2023-2024","status":"publish","type":"page","link":"https:\/\/www.zsjanov.cz\/?page_id=2075","title":{"rendered":"Z\u00e1pis 2026\/2027"},"content":{"rendered":"\n<p class=\"has-pale-cyan-blue-background-color has-background\"><strong>st\u0159eda 11. 2. 2026 od 13:00 \u2013 17:00<\/strong><\/p>\n\n\n\n<p class=\"has-pale-cyan-blue-background-color has-background\"><strong>\u010dtvrtek 12. 2. 2026 od 8:00 -15:00<\/strong><\/p>\n\n\n\n<p><\/p>\n\n\n\n<p class=\"has-pale-cyan-blue-background-color has-background\"><strong>Term\u00edn z\u00e1pisu: <\/strong>11.02.2026 &#8211; 12.02.2026<\/p>\n\n\n\n<p class=\"has-medium-font-size\"><strong><a href=\"http:\/\/www.zsjanov.cz\/wp-content\/uploads\/2024\/02\/zapis_2024_Plakat-k-zapisu-do-1.-tridy-rozmer-A4.pdf\" data-type=\"link\" data-id=\"http:\/\/www.zsjanov.cz\/wp-content\/uploads\/2024\/02\/zapis_2024_Plakat-k-zapisu-do-1.-tridy-rozmer-A4.pdf\" target=\"_blank\" rel=\"noreferrer noopener\">Plak\u00e1t<\/a><\/strong><\/p>\n\n\n\n<p><\/p>\n\n\n\n<p class=\"has-black-color has-pale-cyan-blue-background-color has-text-color has-background has-medium-font-size\"><strong><a href=\"https:\/\/experience.arcgis.com\/experience\/5567618b468846bfa716af335477a8aa\" data-type=\"URL\" data-id=\"https:\/\/experience.arcgis.com\/experience\/5567618b468846bfa716af335477a8aa\" target=\"_blank\" rel=\"noreferrer noopener\">\u0160kolsk\u00e9 obvody<\/a><\/strong><\/p>\n\n\n\n<p><\/p>\n\n\n\n<p class=\"has-pale-cyan-blue-background-color has-background\"><strong>Jak\u00fdch d\u011bt\u00ed se z\u00e1pis t\u00fdk\u00e1:<\/strong><\/p>\n\n\n\n<p>K z\u00e1pisu se dostav\u00ed d\u011bti narozen\u00e9 <strong>od 1. 9. 2019 do 31. 8. 2020.<\/strong><\/p>\n\n\n\n<p>D\u00e1le pak ty, kter\u00fdm byla odlo\u017eena povinn\u00e1 \u0161koln\u00ed doch\u00e1zka u p\u0159edch\u00e1zej\u00edc\u00edho z\u00e1pisu v roce 2025.<\/p>\n\n\n\n<p class=\"has-pale-cyan-blue-background-color has-background\"><strong>Co si vz\u00edt k z\u00e1pisu:<\/strong><\/p>\n\n\n\n<p>P\u0159i z\u00e1pisu p\u0159edlo\u017e\u00ed z\u00e1konn\u00ed z\u00e1stupci ob\u010dansk\u00fd pr\u016fkaz a rodn\u00fd list d\u00edt\u011bte, u \u017e\u00e1k\u016f se speci\u00e1ln\u00edmi vzd\u011bl\u00e1vac\u00edmi pot\u0159ebami, kte\u0159\u00ed nastoup\u00ed do b\u011b\u017en\u00e9 t\u0159\u00eddy \u010di t\u0159\u00eddy podle par. 16, doporu\u010den\u00ed \u0160PZ, PPP.<\/p>\n\n\n\n<p class=\"has-pale-cyan-blue-background-color has-background\"><strong>Krit\u00e9ria pro p\u0159ijet\u00ed:<\/strong> <\/p>\n\n\n\n<p>\u00b7 \u017e\u00e1ci s trval\u00fdm m\u00edstem pobytu ve sp\u00e1dov\u00e9 oblasti aplikace zobrazuj\u00edc\u00ed sp\u00e1dovost mate\u0159sk\u00fdch a z\u00e1kladn\u00edch \u0161kol<\/p>\n\n\n\n<p>\u00b7 \u017e\u00e1ci mimo sp\u00e1dovou oblast, kte\u0159\u00ed maj\u00ed na Z\u00e1kladn\u00ed \u0161kole a Mate\u0159sk\u00e9 \u0161kole Litv\u00ednov \u2013 Janov sourozence<\/p>\n\n\n\n<p>\u00b7 ostatn\u00ed \u017e\u00e1ci mimo \u0161kolsk\u00fd obvod Z\u00e1kladn\u00ed \u0161koly a Mate\u0159sk\u00e9 \u0161koly Litv\u00ednov \u2013 Janov (v p\u0159\u00edpad\u011b napln\u011bn\u00ed kapacity rozhodne \u0159editelka \u0161koly losov\u00e1n\u00edm)<\/p>\n\n\n\n<p class=\"has-pale-cyan-blue-background-color has-background\"><strong>Zva\u017eujete, \u010di va\u0161emu d\u00edt\u011bti byl navr\u017een odklad \u0161koln\u00ed doch\u00e1zky:<\/strong><\/p>\n\n\n\n<p>Z\u00e1konn\u00ed z\u00e1stupci d\u011bt\u00ed, kte\u0159\u00ed budou \u017e\u00e1dat pro \u0161koln\u00ed rok 2025\/2026 odklad \u0161koln\u00ed doch\u00e1zky mus\u00ed u z\u00e1pisu p\u0159edlo\u017eit doporu\u010den\u00ed pediatra a \u0161kolsk\u00e9ho poradensk\u00e9ho za\u0159\u00edzen\u00ed (PPP, SPC) o odkladu \u0161koln\u00ed doch\u00e1zky.<\/p>\n\n\n\n<p>V pond\u011bl\u00ed dne 2. 3. 2026 bude z\u00e1konn\u00fdm z\u00e1stupc\u016fm umo\u017en\u011bno nahl\u00e9dnout do spisu v souladu se z\u00e1konem \u010d. 500\/2004 Sb., Spr\u00e1vn\u00ed \u0159\u00e1d, ve zn\u011bn\u00ed pozd\u011bj\u0161\u00edch p\u0159edpis\u016f.<\/p>\n\n\n\n<p class=\"has-pale-cyan-blue-background-color has-background\">V\u00fdsledky budou zve\u0159ejn\u011bny na budov\u011b \u0161koly \u2013 hlavn\u00ed vchod \u2013 a na webov\u00fdch str\u00e1nk\u00e1ch \u0161koly \u2013 term\u00edn: <strong>b\u0159ezen 2026<\/strong><\/p>\n\n\n\n<p>Ve \u0161koln\u00edm roce 2026\/2027 budou otev\u0159eny 2 t\u0159\u00eddy, s celkovou kapacitou 60 \u017e\u00e1k\u016f.<\/p>\n","protected":false},"excerpt":{"rendered":"<p>Z\u00e1pis do 1. t\u0159\u00edd<\/p>\n","protected":false},"author":1,"featured_media":0,"parent":5,"menu_order":-1,"comment_status":"closed","ping_status":"closed","template":"","meta":{"footnotes":""},"class_list":["post-2075","page","type-page","status-publish","hentry","latest_post"],"_links":{"self":[{"href":"https:\/\/www.zsjanov.cz\/index.php?rest_route=\/wp\/v2\/pages\/2075","targetHints":{"allow":["GET"]}}],"collection":[{"href":"https:\/\/www.zsjanov.cz\/index.php?rest_route=\/wp\/v2\/pages"}],"about":[{"href":"https:\/\/www.zsjanov.cz\/index.php?rest_route=\/wp\/v2\/types\/page"}],"author":[{"embeddable":true,"href":"https:\/\/www.zsjanov.cz\/index.php?rest_route=\/wp\/v2\/users\/1"}],"replies":[{"embeddable":true,"href":"https:\/\/www.zsjanov.cz\/index.php?rest_route=%2Fwp%2Fv2%2Fcomments&post=2075"}],"version-history":[{"count":10,"href":"https:\/\/www.zsjanov.cz\/index.php?rest_route=\/wp\/v2\/pages\/2075\/revisions"}],"predecessor-version":[{"id":4138,"href":"https:\/\/www.zsjanov.cz\/index.php?rest_route=\/wp\/v2\/pages\/2075\/revisions\/4138"}],"up":[{"embeddable":true,"href":"https:\/\/www.zsjanov.cz\/index.php?rest_route=\/wp\/v2\/pages\/5"}],"wp:attachment":[{"href":"https:\/\/www.zsjanov.cz\/index.php?rest_route=%2Fwp%2Fv2%2Fmedia&parent=2075"}],"curies":[{"name":"wp","href":"https:\/\/api.w.org\/{rel}","templated":true}]}}

Zápis 2026/2027

<p class="has-pale-cyan-blue-background-color has-background"><strong>středa 11. 2. 2026 od 13:00 – 17:00</strong></p>



<p class="has-pale-cyan-blue-background-color has-background"><strong>čtvrtek 12. 2. 2026 od 8:00 -15:00</strong></p>



<p></p>



<p class="has-pale-cyan-blue-background-color has-background"><strong>Termín zápisu: </strong>11.02.2026 &#8211; 12.02.2026</p>



<p class="has-medium-font-size"><strong><a href="http://www.zsjanov.cz/wp-content/uploads/2024/02/zapis_2024_Plakat-k-zapisu-do-1.-tridy-rozmer-A4.pdf" data-type="link" data-id="http://www.zsjanov.cz/wp-content/uploads/2024/02/zapis_2024_Plakat-k-zapisu-do-1.-tridy-rozmer-A4.pdf" target="_blank" rel="noreferrer noopener">Plakát</a></strong></p>



<p></p>



<p class="has-black-color has-pale-cyan-blue-background-color has-text-color has-background has-medium-font-size"><strong><a href="https://experience.arcgis.com/experience/5567618b468846bfa716af335477a8aa" data-type="URL" data-id="https://experience.arcgis.com/experience/5567618b468846bfa716af335477a8aa" target="_blank" rel="noreferrer noopener">Školské obvody</a></strong></p>



<p></p>



<p class="has-pale-cyan-blue-background-color has-background"><strong>Jakých dětí se zápis týká:</strong></p>



<p>K zápisu se dostaví děti narozené <strong>od 1. 9. 2019 do 31. 8. 2020.</strong></p>



<p>Dále pak ty, kterým byla odložena povinná školní docházka u předcházejícího zápisu v roce 2025.</p>



<p class="has-pale-cyan-blue-background-color has-background"><strong>Co si vzít k zápisu:</strong></p>



<p>Při zápisu předloží zákonní zástupci občanský průkaz a rodný list dítěte, u žáků se speciálními vzdělávacími potřebami, kteří nastoupí do běžné třídy či třídy podle par. 16, doporučení ŠPZ, PPP.</p>



<p class="has-pale-cyan-blue-background-color has-background"><strong>Kritéria pro přijetí:</strong> </p>



<p>· žáci s trvalým místem pobytu ve spádové oblasti aplikace zobrazující spádovost mateřských a základních škol</p>



<p>· žáci mimo spádovou oblast, kteří mají na Základní škole a Mateřské škole Litvínov – Janov sourozence</p>



<p>· ostatní žáci mimo školský obvod Základní školy a Mateřské školy Litvínov – Janov (v případě naplnění kapacity rozhodne ředitelka školy losováním)</p>



<p class="has-pale-cyan-blue-background-color has-background"><strong>Zvažujete, či vašemu dítěti byl navržen odklad školní docházky:</strong></p>



<p>Zákonní zástupci dětí, kteří budou žádat pro školní rok 2025/2026 odklad školní docházky musí u zápisu předložit doporučení pediatra a školského poradenského zařízení (PPP, SPC) o odkladu školní docházky.</p>



<p>V pondělí dne 2. 3. 2026 bude zákonným zástupcům umožněno nahlédnout do spisu v souladu se zákonem č. 500/2004 Sb., Správní řád, ve znění pozdějších předpisů.</p>



<p class="has-pale-cyan-blue-background-color has-background">Výsledky budou zveřejněny na budově školy – hlavní vchod – a na webových stránkách školy – termín: <strong>březen 2026</strong></p>



<p>Ve školním roce 2026/2027 budou otevřeny 2 třídy, s celkovou kapacitou 60 žáků.</p>

<p>Zápis do 1. tříd</p>
