{"id":2685,"date":"2024-02-21T12:45:57","date_gmt":"2024-02-21T11:45:57","guid":{"rendered":"http:\/\/www.zsjanov.cz\/?page_id=2685"},"modified":"2024-02-21T12:57:01","modified_gmt":"2024-02-21T11:57:01","slug":"npo-digitalizujeme-skolu","status":"publish","type":"page","link":"https:\/\/www.zsjanov.cz\/?page_id=2685","title":{"rendered":"NPO &#8211; DIGITALIZUJEME \u0160KOLU 2022"},"content":{"rendered":"\n<figure class=\"wp-block-image size-large\"><img loading=\"lazy\" decoding=\"async\" width=\"1024\" height=\"150\" src=\"http:\/\/www.zsjanov.cz\/wp-content\/uploads\/2024\/02\/npo_logo1-1024x150.png\" alt=\"\" class=\"wp-image-2687\" srcset=\"https:\/\/www.zsjanov.cz\/wp-content\/uploads\/2024\/02\/npo_logo1-1024x150.png 1024w, https:\/\/www.zsjanov.cz\/wp-content\/uploads\/2024\/02\/npo_logo1-300x44.png 300w, https:\/\/www.zsjanov.cz\/wp-content\/uploads\/2024\/02\/npo_logo1-768x113.png 768w, https:\/\/www.zsjanov.cz\/wp-content\/uploads\/2024\/02\/npo_logo1.png 1207w\" sizes=\"auto, (max-width: 1024px) 100vw, 1024px\" \/><\/figure>\n\n\n\n<p><\/p>\n\n\n\n<p><strong>REALIZACE INVESTICE N\u00c1RODN\u00cdHO PL\u00c1NU OBNOVY &#8211; KOMPONENTA 3.1<\/strong><\/p>\n\n\n\n<p>V r\u00e1mci komponenty 3.1 Inovace ve vzd\u011bl\u00e1v\u00e1n\u00ed v kontextu digitalizace investice p\u0159isp\u00edv\u00e1 na vybaven\u00ed \u017e\u00e1k\u016f digit\u00e1ln\u00edmi technologiemi pro rozvoj jejich informatick\u00e9ho my\u0161len\u00ed a digit\u00e1ln\u00edch kompetenc\u00ed a na prevenci digit\u00e1ln\u00ed propasti.<\/p>\n\n\n\n<p>Inovace ve vzd\u011bl\u00e1v\u00e1n\u00ed v kontextu diditalizace                                                                                       (digit\u00e1ln\u00ed pom\u016fcky 4689\/VS_DIGIPOMUCKY\/2022 a prevence digit\u00e1ln\u00ed propasti 1965\/VS_DIGIPROPAST\/2022)<\/p>\n\n\n\n<ul class=\"wp-block-list\">\n<li><a href=\"http:\/\/www.zsjanov.cz\/wp-content\/uploads\/2024\/02\/vzor-MSMT-Letak-pro-publicitu-NPO-DIGITALIZUJEME-SKOLU-1.docx\" data-type=\"attachment\" data-id=\"2694\">LET\u00c1K <\/a><\/li>\n\n\n\n<li><a href=\"http:\/\/www.zsjanov.cz\/wp-content\/uploads\/2024\/02\/Umime-informacni-letak-v2_jak-na-licence.pdf\" data-type=\"attachment\" data-id=\"2693\">P\u0159\u00edloha 1 <\/a><\/li>\n\n\n\n<li><a href=\"http:\/\/www.zsjanov.cz\/wp-content\/uploads\/2024\/02\/NPO_logo_dokument.docx\" data-type=\"attachment\" data-id=\"2695\">P\u0159\u00edloha 2<\/a><\/li>\n<\/ul>\n","protected":false},"excerpt":{"rendered":"<p>REALIZACE INVESTICE N\u00c1RODN\u00cdHO PL\u00c1NU OBNOVY &#8211; KOMPONENTA 3.1 V r\u00e1mci komponenty 3.1 Inovace ve vzd\u011bl\u00e1v\u00e1n\u00ed v kontextu digitalizace investice p\u0159isp\u00edv\u00e1 &hellip; <\/p>\n","protected":false},"author":1,"featured_media":0,"parent":386,"menu_order":-1,"comment_status":"closed","ping_status":"closed","template":"","meta":{"footnotes":""},"class_list":["post-2685","page","type-page","status-publish","hentry","latest_post"],"_links":{"self":[{"href":"https:\/\/www.zsjanov.cz\/index.php?rest_route=\/wp\/v2\/pages\/2685","targetHints":{"allow":["GET"]}}],"collection":[{"href":"https:\/\/www.zsjanov.cz\/index.php?rest_route=\/wp\/v2\/pages"}],"about":[{"href":"https:\/\/www.zsjanov.cz\/index.php?rest_route=\/wp\/v2\/types\/page"}],"author":[{"embeddable":true,"href":"https:\/\/www.zsjanov.cz\/index.php?rest_route=\/wp\/v2\/users\/1"}],"replies":[{"embeddable":true,"href":"https:\/\/www.zsjanov.cz\/index.php?rest_route=%2Fwp%2Fv2%2Fcomments&post=2685"}],"version-history":[{"count":3,"href":"https:\/\/www.zsjanov.cz\/index.php?rest_route=\/wp\/v2\/pages\/2685\/revisions"}],"predecessor-version":[{"id":2697,"href":"https:\/\/www.zsjanov.cz\/index.php?rest_route=\/wp\/v2\/pages\/2685\/revisions\/2697"}],"up":[{"embeddable":true,"href":"https:\/\/www.zsjanov.cz\/index.php?rest_route=\/wp\/v2\/pages\/386"}],"wp:attachment":[{"href":"https:\/\/www.zsjanov.cz\/index.php?rest_route=%2Fwp%2Fv2%2Fmedia&parent=2685"}],"curies":[{"name":"wp","href":"https:\/\/api.w.org\/{rel}","templated":true}]}}