{"id":2706,"date":"2024-02-21T13:03:53","date_gmt":"2024-02-21T12:03:53","guid":{"rendered":"http:\/\/www.zsjanov.cz\/?page_id=2706"},"modified":"2026-04-26T09:50:39","modified_gmt":"2026-04-26T07:50:39","slug":"skola-pro-zivot-iv-jak","status":"publish","type":"page","link":"https:\/\/www.zsjanov.cz\/?page_id=2706","title":{"rendered":"\u0160kola pro \u017eivot IV &#8211; JAK"},"content":{"rendered":"<div class=\"wp-block-image\">\n<figure class=\"alignleft size-full\"><img loading=\"lazy\" decoding=\"async\" width=\"2560\" height=\"359\" src=\"https:\/\/www.zsjanov.cz\/wp-content\/uploads\/2026\/04\/EUMSMT_barevne-1-scaled.png\" alt=\"\" class=\"wp-image-4212\" style=\"aspect-ratio:7.131537414926505\" srcset=\"https:\/\/www.zsjanov.cz\/wp-content\/uploads\/2026\/04\/EUMSMT_barevne-1-scaled.png 2560w, https:\/\/www.zsjanov.cz\/wp-content\/uploads\/2026\/04\/EUMSMT_barevne-1-300x42.png 300w, https:\/\/www.zsjanov.cz\/wp-content\/uploads\/2026\/04\/EUMSMT_barevne-1-1024x144.png 1024w, https:\/\/www.zsjanov.cz\/wp-content\/uploads\/2026\/04\/EUMSMT_barevne-1-768x108.png 768w, https:\/\/www.zsjanov.cz\/wp-content\/uploads\/2026\/04\/EUMSMT_barevne-1-1536x215.png 1536w, https:\/\/www.zsjanov.cz\/wp-content\/uploads\/2026\/04\/EUMSMT_barevne-1-2048x287.png 2048w\" sizes=\"auto, (max-width: 2560px) 100vw, 2560px\" \/><\/figure>\n<\/div>\n\n\n<p><\/p>\n\n\n\n<p><\/p>\n\n\n\n<p><strong>Opera\u010dn\u00ed program Jan Amos Komensk\u00fd<\/strong><\/p>\n\n\n\n<p>\u0160kola pro \u017eivot IV je spolufinancov\u00e1n Evropskou uni\u00ed.<\/p>\n\n\n\n<p><strong>C\u00edl projektu:<\/strong><\/p>\n\n\n\n<p>P\u0159isp\u011bt k zaji\u0161t\u011bn\u00ed rovn\u00e9ho p\u0159\u00edstupu ke kvalitn\u00edmu a inkluzivn\u00edmu vzd\u011bl\u00e1v\u00e1n\u00ed pro v\u0161echny d\u011bti, \u017e\u00e1ky a \u00fa\u010dastn\u00edky z\u00e1jmov\u00e9ho vzd\u011bl\u00e1v\u00e1n\u00ed prost\u0159ednictv\u00edm podp\u016frn\u00fdch person\u00e1ln\u00edch pozic, vzd\u011bl\u00e1v\u00e1n\u00ed pracovn\u00edk\u016f \u0161kol a \u0161kolsk\u00fdch za\u0159\u00edzen\u00ed, vz\u00e1jemn\u00e9ho<\/p>\n\n\n\n<p>sd\u00edlen\u00ed zku\u0161enost\u00ed, spolupr\u00e1ce a podpory zav\u00e1d\u011bn\u00ed inovativn\u00edch metod v\u00fduky.<\/p>\n\n\n\n<p class=\"has-medium-font-size\"><strong>Registra\u010dn\u00ed \u010d\u00edslo projektu:<\/strong> CZ.02.02.XX\/00\/22_002\/0004969<\/p>\n\n\n\n<p class=\"has-medium-font-size\"><a href=\"http:\/\/www.zsjanov.cz\/wp-content\/uploads\/2024\/02\/Letak_Sablony-ZS.pdf\" data-type=\"link\" data-id=\"http:\/\/www.zsjanov.cz\/wp-content\/uploads\/2024\/02\/Letak_Sablony-ZS.pdf\"><strong>Let\u00e1k<\/strong><\/a><\/p>\n\n\n\n<p class=\"has-medium-font-size\"><strong><a href=\"http:\/\/www.zsjanov.cz\/wp-content\/uploads\/2024\/02\/JAK_plakat.pdf\" data-type=\"attachment\" data-id=\"2717\">Plak\u00e1t<\/a><\/strong><\/p>\n","protected":false},"excerpt":{"rendered":"<p>Opera\u010dn\u00ed program Jan Amos Komensk\u00fd \u0160kola pro \u017eivot IV je spolufinancov\u00e1n Evropskou uni\u00ed. C\u00edl projektu: P\u0159isp\u011bt k zaji\u0161t\u011bn\u00ed rovn\u00e9ho p\u0159\u00edstupu &hellip; <\/p>\n","protected":false},"author":1,"featured_media":0,"parent":386,"menu_order":-1,"comment_status":"closed","ping_status":"closed","template":"","meta":{"footnotes":""},"class_list":["post-2706","page","type-page","status-publish","hentry","latest_post"],"_links":{"self":[{"href":"https:\/\/www.zsjanov.cz\/index.php?rest_route=\/wp\/v2\/pages\/2706","targetHints":{"allow":["GET"]}}],"collection":[{"href":"https:\/\/www.zsjanov.cz\/index.php?rest_route=\/wp\/v2\/pages"}],"about":[{"href":"https:\/\/www.zsjanov.cz\/index.php?rest_route=\/wp\/v2\/types\/page"}],"author":[{"embeddable":true,"href":"https:\/\/www.zsjanov.cz\/index.php?rest_route=\/wp\/v2\/users\/1"}],"replies":[{"embeddable":true,"href":"https:\/\/www.zsjanov.cz\/index.php?rest_route=%2Fwp%2Fv2%2Fcomments&post=2706"}],"version-history":[{"count":10,"href":"https:\/\/www.zsjanov.cz\/index.php?rest_route=\/wp\/v2\/pages\/2706\/revisions"}],"predecessor-version":[{"id":4218,"href":"https:\/\/www.zsjanov.cz\/index.php?rest_route=\/wp\/v2\/pages\/2706\/revisions\/4218"}],"up":[{"embeddable":true,"href":"https:\/\/www.zsjanov.cz\/index.php?rest_route=\/wp\/v2\/pages\/386"}],"wp:attachment":[{"href":"https:\/\/www.zsjanov.cz\/index.php?rest_route=%2Fwp%2Fv2%2Fmedia&parent=2706"}],"curies":[{"name":"wp","href":"https:\/\/api.w.org\/{rel}","templated":true}]}}

Škola pro život IV &#8211; JAK

<div class="wp-block-image">
<figure class="alignleft size-full"><img loading="lazy" decoding="async" width="2560" height="359" src="https://www.zsjanov.cz/wp-content/uploads/2026/04/EUMSMT_barevne-1-scaled.png" alt="" class="wp-image-4212" style="aspect-ratio:7.131537414926505" srcset="https://www.zsjanov.cz/wp-content/uploads/2026/04/EUMSMT_barevne-1-scaled.png 2560w, https://www.zsjanov.cz/wp-content/uploads/2026/04/EUMSMT_barevne-1-300x42.png 300w, https://www.zsjanov.cz/wp-content/uploads/2026/04/EUMSMT_barevne-1-1024x144.png 1024w, https://www.zsjanov.cz/wp-content/uploads/2026/04/EUMSMT_barevne-1-768x108.png 768w, https://www.zsjanov.cz/wp-content/uploads/2026/04/EUMSMT_barevne-1-1536x215.png 1536w, https://www.zsjanov.cz/wp-content/uploads/2026/04/EUMSMT_barevne-1-2048x287.png 2048w" sizes="auto, (max-width: 2560px) 100vw, 2560px" /></figure>
</div>


<p></p>



<p></p>



<p><strong>Operační program Jan Amos Komenský</strong></p>



<p>Škola pro život IV je spolufinancován Evropskou unií.</p>



<p><strong>Cíl projektu:</strong></p>



<p>Přispět k zajištění rovného přístupu ke kvalitnímu a inkluzivnímu vzdělávání pro všechny děti, žáky a účastníky zájmového vzdělávání prostřednictvím podpůrných personálních pozic, vzdělávání pracovníků škol a školských zařízení, vzájemného</p>



<p>sdílení zkušeností, spolupráce a podpory zavádění inovativních metod výuky.</p>



<p class="has-medium-font-size"><strong>Registrační číslo projektu:</strong> CZ.02.02.XX/00/22_002/0004969</p>



<p class="has-medium-font-size"><a href="http://www.zsjanov.cz/wp-content/uploads/2024/02/Letak_Sablony-ZS.pdf" data-type="link" data-id="http://www.zsjanov.cz/wp-content/uploads/2024/02/Letak_Sablony-ZS.pdf"><strong>Leták</strong></a></p>



<p class="has-medium-font-size"><strong><a href="http://www.zsjanov.cz/wp-content/uploads/2024/02/JAK_plakat.pdf" data-type="attachment" data-id="2717">Plakát</a></strong></p>

<p>Operační program Jan Amos Komenský Škola pro život IV je spolufinancován Evropskou unií. Cíl projektu: Přispět k zajištění rovného přístupu &hellip; </p>
