{"id":386,"date":"2022-04-01T20:06:53","date_gmt":"2022-04-01T18:06:53","guid":{"rendered":"http:\/\/test.zsjanov.cz\/?page_id=386"},"modified":"2025-09-11T16:07:10","modified_gmt":"2025-09-11T14:07:10","slug":"projekty","status":"publish","type":"page","link":"https:\/\/www.zsjanov.cz\/?page_id=386","title":{"rendered":"Projekty"},"content":{"rendered":"\n<h2 class=\"wp-block-heading\">Seznam aktivn\u00edch projekt\u016f:<\/h2>\n\n\n\n<ul class=\"wp-block-list\">\n<li>Sportovn\u00ed \u010dty\u0159l\u00edstek<\/li>\n\n\n\n<li>RUR &#8211; UJEP<\/li>\n\n\n\n<li>Kulturn\u00ed mosty &#8211; romsk\u00e1 identita a modern\u00ed vzd\u011bl\u00e1v\u00e1n\u00ed<\/li>\n\n\n\n<li>Modernizace odborn\u00fdch u\u010deben Z\u0160 Janov<\/li>\n\n\n\n<li><a href=\"http:\/\/www.zsjanov.cz\/?page_id=3991\" data-type=\"page\" data-id=\"3991\">Podpora kolektiv\u016f \u017e\u00e1k\u016f Z\u0160 a S\u0160 v Litv\u00ednov\u011b prost\u0159ednictv\u00edm pobyt\u016f<\/a><\/li>\n\n\n\n<li><a href=\"http:\/\/www.zsjanov.cz\/?page_id=3222\" data-type=\"page\" data-id=\"3222\">Prevence p\u0159ed\u010dasn\u00fdch odchod\u016f ze vzd\u011bl\u00e1v\u00e1n\u00ed<\/a><\/li>\n\n\n\n<li><a href=\"http:\/\/www.zsjanov.cz\/?page_id=2706\" data-type=\"page\" data-id=\"2706\">\u0160kola pro \u017eivot IV &#8211; JAK<\/a><\/li>\n\n\n\n<li><a href=\"http:\/\/www.zsjanov.cz\/?page_id=2648\" data-type=\"link\" data-id=\"http:\/\/www.zsjanov.cz\/?page_id=2648\">M\u00edstn\u00ed ak\u010dn\u00ed pl\u00e1n rozvoje vzd\u011bl\u00e1v\u00e1n\u00ed IV pro ORP Litv\u00ednov &#8211; MAP IV<\/a><\/li>\n\n\n\n<li>Potravinov\u00e1 pomoc d\u011btem v soci\u00e1ln\u00ed nouzi v \u00dasteck\u00e9m kraji 2025\/2026<\/li>\n\n\n\n<li>Prevence rizikov\u00e9ho chov\u00e1n\u00ed v \u00dasteck\u00e9m kraji v roce 2025<\/li>\n\n\n\n<li><a href=\"http:\/\/www.zsjanov.cz\/?page_id=2167\" data-type=\"page\" data-id=\"2167\">Spole\u010dn\u011b proti rizik\u016fm II (Prevence a rizikov\u00e9 chov\u00e1n\u00ed)<\/a><\/li>\n\n\n\n<li><a href=\"http:\/\/zsjanov.cz\/?page_id=1355\" data-type=\"page\">Slu\u017eby pro rodi\u010de na Chomutovsku a v Litv\u00ednov\u011b<\/a><\/li>\n\n\n\n<li><a href=\"http:\/\/zsjanov.cz\/?page_id=1357\" data-type=\"page\">Posilujme gramotnosti a dovednosti inovativn\u011b<\/a><\/li>\n\n\n\n<li><a href=\"http:\/\/zsjanov.cz\/?page_id=1361\" data-type=\"page\">Rozvoj kreativity ve v\u00fduce p\u0159\u00edrodov\u011bdn\u00fdch p\u0159edm\u011bt\u016f<\/a><\/li>\n\n\n\n<li><a href=\"http:\/\/zsjanov.cz\/?page_id=1369\" data-type=\"page\">Z\u016fsta\u0148te s n\u00e1mi po \u0161kole aneb Rozvoj kompetenc\u00ed \u017e\u00e1k\u016f v \u00dasteck\u00e9m a Karlovarsk\u00e9m kraji<\/a><\/li>\n\n\n\n<li><a href=\"http:\/\/zsjanov.cz\/?page_id=1372\" data-type=\"page\">Revitalizace M\u0160 Parapl\u00ed\u010dko v Litv\u00ednov\u011b<\/a><\/li>\n\n\n\n<li><a href=\"http:\/\/zsjanov.cz\/projekty\/posilujme-gramotnosti-a-dovednosti-inovativn\/\">Posilujme gramotnosti a dovednosti inovativn\u011b<\/a><\/li>\n\n\n\n<li><a href=\"http:\/\/zsjanov.cz\/?page_id=1375\" data-type=\"page\">Brous\u00edme sv\u016fj jaz\u00fd\u010dek<\/a><\/li>\n\n\n\n<li><a href=\"http:\/\/zsjanov.cz\/?page_id=1378\" data-type=\"page\">Slu\u017eby rodi\u010d\u016fm<\/a><\/li>\n\n\n\n<li><a href=\"http:\/\/zsjanov.cz\/?page_id=1380\" data-type=\"page\">Ovoce a zelenina do \u0161kol<\/a> 2025<\/li>\n\n\n\n<li>Ml\u00e9ko do \u0161kol 2025<\/li>\n\n\n\n<li><a href=\"http:\/\/zsjanov.cz\/?page_id=1384\" data-type=\"page\">Pilotn\u00ed programy<\/a><\/li>\n\n\n\n<li><a href=\"http:\/\/zsjanov.cz\/?page_id=1386\" data-type=\"page\">Komunitn\u00ed pl\u00e1n<\/a><\/li>\n<\/ul>\n\n\n\n<h3 class=\"wp-block-heading\" id=\"pagetitle\">Ukon\u010den\u00e9 projekty<\/h3>\n\n\n\n<ul class=\"wp-block-list\">\n<li><a href=\"http:\/\/www.zsjanov.cz\/?page_id=1350\" data-type=\"page\" data-id=\"1350\">Panor\u00e1ma star\u00e9ho Mostecka &#8211; registra\u010dn\u00ed \u010d\u00edslo CZ.02.3.68\/0.0\/0.0\/18_067\/0012378<\/a><\/li>\n\n\n\n<li><a href=\"http:\/\/www.zsjanov.cz\/?page_id=2165\" data-type=\"page\" data-id=\"2165\">Prevence rizikov\u00e9ho chov\u00e1n\u00ed v \u00dasteck\u00e9m kraji v roce 2023<\/a><\/li>\n\n\n\n<li><a href=\"http:\/\/zsjanov.cz\/?page_id=1188\" data-type=\"page\">Podpora kvality vzd\u011bl\u00e1v\u00e1n\u00ed v Litv\u00ednov\u011b CZ. 02.3.61\/0.\/0.0\/19_075\/001643<\/a><\/li>\n\n\n\n<li><a href=\"http:\/\/zsjanov.cz\/?page_id=1154-\" data-type=\"page\">O2 Chytr\u00e1 \u0161kola<\/a><\/li>\n\n\n\n<li><a href=\"http:\/\/zsjanov.cz\/?page_id=907\" data-type=\"page\">\u0160ablony III &#8211; Spolupr\u00e1ce pro \u017eivot III<\/a><\/li>\n\n\n\n<li><a href=\"http:\/\/zsjanov.cz\/?page_id=1359\" data-type=\"page\">\u0160ablony I &#8211; Spolupr\u00e1ce pro \u017eivot<\/a><\/li>\n\n\n\n<li><a href=\"http:\/\/www.zsjanov.cz\/?page_id=1525\" data-type=\"page\" data-id=\"1525\">NPO &#8211; dou\u010dov\u00e1n\u00ed<\/a><\/li>\n\n\n\n<li><a href=\"http:\/\/www.zsjanov.cz\/?page_id=2701\" data-type=\"page\" data-id=\"2701\">NPO &#8211; Digitalizujeme \u0161kolu 2023<\/a><\/li>\n\n\n\n<li><a href=\"http:\/\/www.zsjanov.cz\/?page_id=2685\" data-type=\"page\" data-id=\"2685\">NPO &#8211; Digitalizujeme \u0161kolu 2022<\/a><\/li>\n\n\n\n<li><a href=\"http:\/\/www.zsjanov.cz\/?page_id=1541\" data-type=\"page\" data-id=\"1541\">M\u00edstn\u00ed ak\u010dn\u00ed pl\u00e1n rozvoje vzd\u011bl\u00e1v\u00e1n\u00ed II pro ORP Litv\u00ednov &#8211; MAP III<\/a><\/li>\n\n\n\n<li><a href=\"http:\/\/zsjanov.cz\/?page_id=1352\" data-type=\"page\">M\u00edstn\u00ed ak\u010dn\u00ed pl\u00e1n rozvoje vzd\u011bl\u00e1v\u00e1n\u00ed II pro ORP Litv\u00ednov &#8211; MAP II<\/a><\/li>\n\n\n\n<li><a href=\"http:\/\/www.zsjanov.cz\/?page_id=2252\" data-type=\"page\" data-id=\"2252\">NPO &#8211; Zv\u00fd\u0161en\u00ed kvality vzd\u011bl\u00e1v\u00e1n\u00ed<\/a><\/li>\n\n\n\n<li><a href=\"http:\/\/www.zsjanov.cz\/?page_id=2223\" data-type=\"page\" data-id=\"2223\">Potravinov\u00e1 pomoc d\u011btem v soci\u00e1ln\u00ed nouzi v \u00dasteck\u00e9m kraji 2023\/2024<\/a><\/li>\n\n\n\n<li><a href=\"http:\/\/www.zsjanov.cz\/?page_id=3119\" data-type=\"page\" data-id=\"3119\">NPO &#8211; Digitalizujeme \u0161kolu 2024<\/a><\/li>\n\n\n\n<li><a href=\"http:\/\/www.zsjanov.cz\/?page_id=2667\" data-type=\"page\" data-id=\"2667\">\u0160ablony II<\/a><\/li>\n\n\n\n<li><a href=\"http:\/\/www.zsjanov.cz\/?page_id=2160\" data-type=\"page\" data-id=\"2160\">Prevence rizikov\u00e9ho chov\u00e1n\u00ed v \u00dasteck\u00e9m kraji v roce 2022<\/a><\/li>\n\n\n\n<li><a href=\"http:\/\/www.zsjanov.cz\/projekty\/hura-do-pirody\/\">Hur\u00e1 do p\u0159\u00edrody<\/a><\/li>\n\n\n\n<li><a href=\"http:\/\/www.zsjanov.cz\/ukonceneprojekty\/cesta-pro-ivot\/\">Cesta pro \u017eivot<\/a><\/li>\n\n\n\n<li><a href=\"http:\/\/www.zsjanov.cz\/ukonceneprojekty\/letas-speak-together\/\">Let\u00b4s Speak Together<\/a><\/li>\n\n\n\n<li><a href=\"http:\/\/www.zsjanov.cz\/projekty\/minipodniky\/\">Minipodniky na Z\u0160<\/a><\/li>\n\n\n\n<li><a href=\"http:\/\/www.zsjanov.cz\/ukonceneprojekty\/svt-pro-vsechny-misto-pro-ivot\/\">Sv\u011bt pro v\u0161echny &#8211; m\u00edsto pro \u017eivot<\/a><\/li>\n\n\n\n<li><a href=\"http:\/\/www.zsjanov.cz\/projektyaktivni\/detiucirodice\/\">D\u011bti u\u010d\u00ed rodi\u010de<\/a><\/li>\n\n\n\n<li><a href=\"http:\/\/www.zsjanov.cz\/projektyaktivni\/podanaruka\/\">Podan\u00e1 ruka<\/a><\/li>\n\n\n\n<li><a href=\"http:\/\/www.zsjanov.cz\/ukonceneprojekty\/junioraktiv\/\">Junioraktiv<\/a><\/li>\n\n\n\n<li><a href=\"http:\/\/www.zsjanov.cz\/ukonceneprojekty\/amarekher\/\">AMARE KHER<\/a><\/li>\n\n\n\n<li><a href=\"http:\/\/www.zsjanov.cz\/projektyaktivni\/penizeskolam\/\">EU &#8211; pen\u00edze \u0161kol\u00e1m &#8211; \u0161kola pro \u017eivot<\/a><\/li>\n\n\n\n<li><a href=\"http:\/\/www.zsjanov.cz\/projektyaktivni\/ictbariery\/\">ICT proti bari\u00e9r\u00e1m<\/a><\/li>\n\n\n\n<li><a href=\"http:\/\/www.zsjanov.cz\/projektyaktivni\/fyzika\/\">V\u00fduka fyziky s interaktivn\u00ed tabul\u00ed<\/a><\/li>\n\n\n\n<li><a href=\"http:\/\/www.zsjanov.cz\/projektyaktivni\/minimalizacesikany\/\">Minimalizace \u0161ikany<\/a><\/li>\n\n\n\n<li><a href=\"http:\/\/zsjanov.cz\/projektyaktivni\/zivocichovekolemnas\/\">\u017divo\u010dichov\u00e9 kolem n\u00e1s<\/a><\/li>\n<\/ul>\n\n\n\n<p><\/p>\n","protected":false},"excerpt":{"rendered":"<p>Seznam aktivn\u00edch projekt\u016f: Ukon\u010den\u00e9 projekty<\/p>\n","protected":false},"author":1,"featured_media":0,"parent":0,"menu_order":0,"comment_status":"closed","ping_status":"closed","template":"","meta":{"footnotes":""},"class_list":["post-386","page","type-page","status-publish","hentry","latest_post"],"_links":{"self":[{"href":"https:\/\/www.zsjanov.cz\/index.php?rest_route=\/wp\/v2\/pages\/386","targetHints":{"allow":["GET"]}}],"collection":[{"href":"https:\/\/www.zsjanov.cz\/index.php?rest_route=\/wp\/v2\/pages"}],"about":[{"href":"https:\/\/www.zsjanov.cz\/index.php?rest_route=\/wp\/v2\/types\/page"}],"author":[{"embeddable":true,"href":"https:\/\/www.zsjanov.cz\/index.php?rest_route=\/wp\/v2\/users\/1"}],"replies":[{"embeddable":true,"href":"https:\/\/www.zsjanov.cz\/index.php?rest_route=%2Fwp%2Fv2%2Fcomments&post=386"}],"version-history":[{"count":41,"href":"https:\/\/www.zsjanov.cz\/index.php?rest_route=\/wp\/v2\/pages\/386\/revisions"}],"predecessor-version":[{"id":4063,"href":"https:\/\/www.zsjanov.cz\/index.php?rest_route=\/wp\/v2\/pages\/386\/revisions\/4063"}],"wp:attachment":[{"href":"https:\/\/www.zsjanov.cz\/index.php?rest_route=%2Fwp%2Fv2%2Fmedia&parent=386"}],"curies":[{"name":"wp","href":"https:\/\/api.w.org\/{rel}","templated":true}]}}