{"id":388,"date":"2022-04-01T20:08:50","date_gmt":"2022-04-01T18:08:50","guid":{"rendered":"http:\/\/test.zsjanov.cz\/?page_id=388"},"modified":"2026-04-27T15:53:14","modified_gmt":"2026-04-27T13:53:14","slug":"skolni-jidelna","status":"publish","type":"page","link":"https:\/\/www.zsjanov.cz\/?page_id=388","title":{"rendered":"\u0160koln\u00ed j\u00eddelna"},"content":{"rendered":"\n<h3 class=\"wp-block-heading\"><a href=\"http:\/\/www.zsjanov.cz\/?page_id=784\" data-type=\"page\" data-id=\"784\">J\u00eddeln\u00ed l\u00edstek<\/a><\/h3>\n\n\n\n<h3 class=\"wp-block-heading\">Stravn\u00e9<\/h3>\n\n\n\n<div class=\"wp-block-group\"><div class=\"wp-block-group__inner-container is-layout-flow wp-block-group-is-layout-flow\">\n<div class=\"wp-block-group\"><div class=\"wp-block-group__inner-container is-layout-flow wp-block-group-is-layout-flow\">\n<div class=\"wp-block-group\"><div class=\"wp-block-group__inner-container is-layout-flow wp-block-group-is-layout-flow\">\n<div class=\"wp-block-columns is-layout-flex wp-container-core-columns-is-layout-9d6595d7 wp-block-columns-is-layout-flex\">\n<div class=\"wp-block-column is-layout-flow wp-block-column-is-layout-flow\" style=\"flex-basis:100%\">\n<p class=\"has-pale-cyan-blue-background-color has-background\"><strong>Mate\u0159sk\u00e1 \u0161kol<\/strong>a<\/p>\n\n\n\n<figure class=\"wp-block-table is-style-stripes\"><table class=\"has-fixed-layout\"><tbody><tr><td><\/td><td>3 &#8211; 6 let<\/td><td>7 let<\/td><\/tr><tr><td>P\u0159esn\u00edd\u00e1vka<\/td><td>13,-<\/td><td>13,-<\/td><\/tr><tr><td>Ob\u011bd <\/td><td>25,-<\/td><td>25,-<\/td><\/tr><tr><td>Sva\u010dina<\/td><td>12,-<\/td><td>12,-<\/td><\/tr><tr><td>Rann\u00ed sva\u010dina + ob\u011bd<\/td><td>38,-<\/td><td><\/td><\/tr><tr><td>Cel\u00fd den<\/td><td>50,-<\/td><td><\/td><\/tr><\/tbody><\/table><\/figure>\n\n\n\n<p class=\"has-pale-cyan-blue-background-color has-background\"><strong>Z\u00e1kladn\u00ed \u0161kola<\/strong><\/p>\n\n\n\n<ul class=\"wp-block-list\">\n<li>\u017d\u00e1ci&nbsp;&nbsp;&nbsp;&nbsp;&nbsp;&nbsp;&nbsp; &nbsp;6 let&nbsp;&nbsp;&nbsp;&nbsp; &nbsp;&nbsp;&nbsp;&nbsp;&nbsp;&nbsp;&nbsp;&nbsp;&nbsp;&nbsp;&nbsp;&nbsp;&nbsp;&nbsp;&nbsp;&nbsp; 33,- K\u010d<\/li>\n\n\n\n<li>\u017d\u00e1ci&nbsp;&nbsp;&nbsp;&nbsp;&nbsp;&nbsp; &nbsp;&nbsp;7 \u2013 10 let&nbsp;&nbsp;&nbsp;&nbsp;&nbsp;&nbsp;&nbsp;&nbsp;&nbsp;&nbsp;&nbsp;&nbsp;&nbsp; 35,- K\u010d<\/li>\n\n\n\n<li>\u017d\u00e1ci&nbsp;&nbsp;&nbsp;&nbsp;&nbsp;&nbsp;&nbsp; 11 \u2013 14 let&nbsp;&nbsp;&nbsp;&nbsp;&nbsp;&nbsp;&nbsp;&nbsp;&nbsp;&nbsp;&nbsp;&nbsp; 37,- K\u010d<\/li>\n\n\n\n<li>\u017d\u00e1ci&nbsp;&nbsp;&nbsp;&nbsp;&nbsp;&nbsp;&nbsp; 15 let a v\u00edce&nbsp;&nbsp;&nbsp;&nbsp;&nbsp;&nbsp;&nbsp;&nbsp;&nbsp;  40,- K\u010d<\/li>\n\n\n\n<li>Zam\u011bstnanci&nbsp;&nbsp;&nbsp;&nbsp;&nbsp;&nbsp;&nbsp;&nbsp;&nbsp;&nbsp;&nbsp;&nbsp;&nbsp;&nbsp;&nbsp;&nbsp;&nbsp;&nbsp;&nbsp;&nbsp;&nbsp;&nbsp;&nbsp; 30,- k\u010d<\/li>\n\n\n\n<li>Ciz\u00ed str\u00e1vn\u00edci&nbsp;&nbsp;&nbsp;&nbsp;&nbsp;&nbsp;&nbsp;&nbsp;&nbsp;&nbsp;&nbsp;&nbsp;&nbsp;&nbsp;&nbsp;&nbsp;&nbsp;&nbsp;&nbsp;&nbsp;&nbsp;&nbsp;&nbsp; 80,- k\u010d<\/li>\n<\/ul>\n<\/div>\n<\/div>\n<\/div><\/div>\n<\/div><\/div>\n<\/div><\/div>\n\n\n\n<div class=\"wp-block-group\"><div class=\"wp-block-group__inner-container is-layout-flow wp-block-group-is-layout-flow\">\n<p>P\u0159ihl\u00e1\u0161en\u00ed \u010di odhl\u00e1\u0161en\u00ed ob\u011bda je mo\u017en\u00e9 u vedouc\u00ed \u0161koln\u00ed j\u00eddelny nebo na tel. \u010d\u00edsle <strong>734 449 585<\/strong>.<\/p>\n\n\n\n<p>Neodhl\u00e1\u0161enou stravu lze vyzvednout v<strong>&nbsp;p\u0159\u00edpad\u011b nemoci pouze 1. den, ostatn\u00ed stravu je nutn\u00e9 odhl\u00e1sit!<\/strong><\/p>\n\n\n\n<p><strong>Stravu lze vyzvednout v&nbsp;M\u0160 a v&nbsp;j\u00eddeln\u011b Z\u0160 v&nbsp;11.30 hodin.<\/strong><\/p>\n\n\n\n<p><strong>Za neodhl\u00e1\u0161enou stravu se neposkytuje n\u00e1hrada!<\/strong><\/p>\n\n\n\n<p><a href=\"https:\/\/www.zsjanov.cz\/wp-content\/uploads\/2026\/04\/Vnitrni-rad-skolni-jidelny-a-vydejny.pdf\" data-type=\"attachment\" data-id=\"4232\" target=\"_blank\" rel=\"noreferrer noopener\">Vnit\u0159n\u00ed \u0159\u00e1d \u0161koln\u00ed j\u00eddelny Z\u0160 a M\u0160 Parapl\u00ed\u010dko a v\u00fddejny M\u0160 Slun\u00ed\u010dko<\/a><\/p>\n<\/div><\/div>\n\n\n\n<p class=\"has-pale-cyan-blue-background-color has-background\"><strong>Vedouc\u00ed \u0161koln\u00ed j\u00eddelny Z\u0160 <\/strong><\/p>\n\n\n\n<p>\u0160\u00e1rka Prejzov\u00e1<\/p>\n\n\n\n<p>Tel.: 734 449 585<\/p>\n\n\n\n<p>e &#8211; mail: jidelna@zsjanov<\/p>\n\n\n\n<p class=\"has-pale-cyan-blue-background-color has-background\">Kucha\u0159ky Z\u0160:<\/p>\n\n\n\n<p>V\u011bra St\u0159\u00edtezsk\u00e1  -vedouc\u00ed kucha\u0159ka<\/p>\n\n\n\n<p>Jana Vokuli\u010dkov\u00e1<\/p>\n\n\n\n<p>Lenka Tothov\u00e1<\/p>\n\n\n\n<p>Miloslava Karasov\u00e1<\/p>\n\n\n\n<p class=\"has-background\" style=\"background-color:#ff6a0082\">M\u0160 Parapl\u00ed\u010dko<\/p>\n\n\n\n<p>Hana Bechy\u0148sk\u00e1 &#8211; vedouc\u00ed j\u00eddelny Parapl\u00ed\u010dko<\/p>\n\n\n\n<p class=\"has-background\" style=\"background-color:#ff6a0082\">Kucha\u0159ky M\u0160 Parapl\u00ed\u010dko<\/p>\n\n\n\n<p>Fialov\u00e1 Hana<\/p>\n\n\n\n<p>\u0160t\u011bpni\u010dkov\u00e1 Simona<\/p>\n\n\n\n<p class=\"has-luminous-vivid-amber-background-color has-background\">Kucha\u0159ka M\u0160 Slun\u00ed\u010dko<\/p>\n\n\n\n<p>Petra K\u00e1vov\u00e1 &#8211; pomocn\u00e1 kucha\u0159ka<\/p>\n\n\n\n<h3 class=\"wp-block-heading has-pale-cyan-blue-background-color has-background\"><strong>Vyv\u00e1\u017een\u00fd j\u00eddeln\u00ed\u010dek pro \u0161kol\u00e1ky<\/strong><\/h3>\n\n\n\n<p>Udr\u017eet zdrav\u00e9 stravovac\u00ed n\u00e1vyky jsou o to d\u016fle\u017eit\u011bj\u0161\u00ed, pokud jsou ve va\u0161\u00ed rodin\u011b d\u011bti \u0161kolou povinn\u00e9 \u2013 zejm\u00e9na ty z prvn\u00edho stupn\u011b. D\u00edt\u011b samo nen\u00ed \u010dasto schopn\u00e9 kontrolovat svoje stravov\u00e1n\u00ed \u2013 hlad se u n\u011bj vyskytuje na z\u00e1klad\u011b aktu\u00e1ln\u00ed vydan\u00e9 energie a ve v\u00edru hry nebo soust\u0159ed\u011bn\u00ed na \u010dinnost jej m\u016f\u017ee snadno \u201ep\u0159edr\u017eet\u201c.<\/p>\n\n\n\n<p>Pr\u00e1v\u011b kv\u016fli tomu je t\u0159eba, aby byl v d\u00edt\u011bti co nejd\u0159\u00edve vychov\u00e1n n\u00e1vyk pravideln\u00e9ho stravov\u00e1n\u00ed. Zejm\u00e9na d\u016fle\u017eit\u00e9 je nau\u010dit ho, \u017ee sva\u010dina je stejn\u011b d\u016fle\u017eitou sou\u010d\u00e1st\u00ed j\u00eddeln\u00ed\u010dku jako t\u0159eba sn\u00eddan\u011b nebo ob\u011bd.<\/p>\n\n\n\n<p><strong>Ob\u011bdy se vyd\u00e1vaj\u00ed ka\u017ed\u00fd den od 11:40h. do 13:30h<\/strong><\/p>\n","protected":false},"excerpt":{"rendered":"<p>J\u00eddeln\u00ed l\u00edstek Stravn\u00e9 Mate\u0159sk\u00e1 \u0161kola 3 &#8211; 6 let 7 let P\u0159esn\u00edd\u00e1vka 13,- 13,- Ob\u011bd 25,- 25,- Sva\u010dina 12,- 12,- &hellip; <\/p>\n","protected":false},"author":1,"featured_media":0,"parent":0,"menu_order":0,"comment_status":"closed","ping_status":"closed","template":"","meta":{"footnotes":""},"class_list":["post-388","page","type-page","status-publish","hentry","latest_post"],"_links":{"self":[{"href":"https:\/\/www.zsjanov.cz\/index.php?rest_route=\/wp\/v2\/pages\/388","targetHints":{"allow":["GET"]}}],"collection":[{"href":"https:\/\/www.zsjanov.cz\/index.php?rest_route=\/wp\/v2\/pages"}],"about":[{"href":"https:\/\/www.zsjanov.cz\/index.php?rest_route=\/wp\/v2\/types\/page"}],"author":[{"embeddable":true,"href":"https:\/\/www.zsjanov.cz\/index.php?rest_route=\/wp\/v2\/users\/1"}],"replies":[{"embeddable":true,"href":"https:\/\/www.zsjanov.cz\/index.php?rest_route=%2Fwp%2Fv2%2Fcomments&post=388"}],"version-history":[{"count":28,"href":"https:\/\/www.zsjanov.cz\/index.php?rest_route=\/wp\/v2\/pages\/388\/revisions"}],"predecessor-version":[{"id":4236,"href":"https:\/\/www.zsjanov.cz\/index.php?rest_route=\/wp\/v2\/pages\/388\/revisions\/4236"}],"wp:attachment":[{"href":"https:\/\/www.zsjanov.cz\/index.php?rest_route=%2Fwp%2Fv2%2Fmedia&parent=388"}],"curies":[{"name":"wp","href":"https:\/\/api.w.org\/{rel}","templated":true}]}}

Školní jídelna

<h3 class="wp-block-heading"><a href="http://www.zsjanov.cz/?page_id=784" data-type="page" data-id="784">Jídelní lístek</a></h3>



<h3 class="wp-block-heading">Stravné</h3>



<div class="wp-block-group"><div class="wp-block-group__inner-container is-layout-flow wp-block-group-is-layout-flow">
<div class="wp-block-group"><div class="wp-block-group__inner-container is-layout-flow wp-block-group-is-layout-flow">
<div class="wp-block-group"><div class="wp-block-group__inner-container is-layout-flow wp-block-group-is-layout-flow">
<div class="wp-block-columns is-layout-flex wp-container-core-columns-is-layout-9d6595d7 wp-block-columns-is-layout-flex">
<div class="wp-block-column is-layout-flow wp-block-column-is-layout-flow" style="flex-basis:100%">
<p class="has-pale-cyan-blue-background-color has-background"><strong>Mateřská škol</strong>a</p>



<figure class="wp-block-table is-style-stripes"><table class="has-fixed-layout"><tbody><tr><td></td><td>3 &#8211; 6 let</td><td>7 let</td></tr><tr><td>Přesnídávka</td><td>13,-</td><td>13,-</td></tr><tr><td>Oběd </td><td>25,-</td><td>25,-</td></tr><tr><td>Svačina</td><td>12,-</td><td>12,-</td></tr><tr><td>Ranní svačina + oběd</td><td>38,-</td><td></td></tr><tr><td>Celý den</td><td>50,-</td><td></td></tr></tbody></table></figure>



<p class="has-pale-cyan-blue-background-color has-background"><strong>Základní škola</strong></p>



<ul class="wp-block-list">
<li>Žáci&nbsp;&nbsp;&nbsp;&nbsp;&nbsp;&nbsp;&nbsp; &nbsp;6 let&nbsp;&nbsp;&nbsp;&nbsp; &nbsp;&nbsp;&nbsp;&nbsp;&nbsp;&nbsp;&nbsp;&nbsp;&nbsp;&nbsp;&nbsp;&nbsp;&nbsp;&nbsp;&nbsp;&nbsp; 33,- Kč</li>



<li>Žáci&nbsp;&nbsp;&nbsp;&nbsp;&nbsp;&nbsp; &nbsp;&nbsp;7 – 10 let&nbsp;&nbsp;&nbsp;&nbsp;&nbsp;&nbsp;&nbsp;&nbsp;&nbsp;&nbsp;&nbsp;&nbsp;&nbsp; 35,- Kč</li>



<li>Žáci&nbsp;&nbsp;&nbsp;&nbsp;&nbsp;&nbsp;&nbsp; 11 – 14 let&nbsp;&nbsp;&nbsp;&nbsp;&nbsp;&nbsp;&nbsp;&nbsp;&nbsp;&nbsp;&nbsp;&nbsp; 37,- Kč</li>



<li>Žáci&nbsp;&nbsp;&nbsp;&nbsp;&nbsp;&nbsp;&nbsp; 15 let a více&nbsp;&nbsp;&nbsp;&nbsp;&nbsp;&nbsp;&nbsp;&nbsp;&nbsp;  40,- Kč</li>



<li>Zaměstnanci&nbsp;&nbsp;&nbsp;&nbsp;&nbsp;&nbsp;&nbsp;&nbsp;&nbsp;&nbsp;&nbsp;&nbsp;&nbsp;&nbsp;&nbsp;&nbsp;&nbsp;&nbsp;&nbsp;&nbsp;&nbsp;&nbsp;&nbsp; 30,- kč</li>



<li>Cizí strávníci&nbsp;&nbsp;&nbsp;&nbsp;&nbsp;&nbsp;&nbsp;&nbsp;&nbsp;&nbsp;&nbsp;&nbsp;&nbsp;&nbsp;&nbsp;&nbsp;&nbsp;&nbsp;&nbsp;&nbsp;&nbsp;&nbsp;&nbsp; 80,- kč</li>
</ul>
</div>
</div>
</div></div>
</div></div>
</div></div>



<div class="wp-block-group"><div class="wp-block-group__inner-container is-layout-flow wp-block-group-is-layout-flow">
<p>Přihlášení či odhlášení oběda je možné u vedoucí školní jídelny nebo na tel. čísle <strong>734 449 585</strong>.</p>



<p>Neodhlášenou stravu lze vyzvednout v<strong>&nbsp;případě nemoci pouze 1. den, ostatní stravu je nutné odhlásit!</strong></p>



<p><strong>Stravu lze vyzvednout v&nbsp;MŠ a v&nbsp;jídelně ZŠ v&nbsp;11.30 hodin.</strong></p>



<p><strong>Za neodhlášenou stravu se neposkytuje náhrada!</strong></p>



<p><a href="https://www.zsjanov.cz/wp-content/uploads/2026/04/Vnitrni-rad-skolni-jidelny-a-vydejny.pdf" data-type="attachment" data-id="4232" target="_blank" rel="noreferrer noopener">Vnitřní řád školní jídelny ZŠ a MŠ Paraplíčko a výdejny MŠ Sluníčko</a></p>
</div></div>



<p class="has-pale-cyan-blue-background-color has-background"><strong>Vedoucí školní jídelny ZŠ </strong></p>



<p>Šárka Prejzová</p>



<p>Tel.: 734 449 585</p>



<p>e &#8211; mail: jidelna@zsjanov</p>



<p class="has-pale-cyan-blue-background-color has-background">Kuchařky ZŠ:</p>



<p>Věra Střítezská  -vedoucí kuchařka</p>



<p>Jana Vokuličková</p>



<p>Lenka Tothová</p>



<p>Miloslava Karasová</p>



<p class="has-background" style="background-color:#ff6a0082">MŠ Paraplíčko</p>



<p>Hana Bechyňská &#8211; vedoucí jídelny Paraplíčko</p>



<p class="has-background" style="background-color:#ff6a0082">Kuchařky MŠ Paraplíčko</p>



<p>Fialová Hana</p>



<p>Štěpničková Simona</p>



<p class="has-luminous-vivid-amber-background-color has-background">Kuchařka MŠ Sluníčko</p>



<p>Petra Kávová &#8211; pomocná kuchařka</p>



<h3 class="wp-block-heading has-pale-cyan-blue-background-color has-background"><strong>Vyvážený jídelníček pro školáky</strong></h3>



<p>Udržet zdravé stravovací návyky jsou o to důležitější, pokud jsou ve vaší rodině děti školou povinné – zejména ty z prvního stupně. Dítě samo není často schopné kontrolovat svoje stravování – hlad se u něj vyskytuje na základě aktuální vydané energie a ve víru hry nebo soustředění na činnost jej může snadno „předržet“.</p>



<p>Právě kvůli tomu je třeba, aby byl v dítěti co nejdříve vychován návyk pravidelného stravování. Zejména důležité je naučit ho, že svačina je stejně důležitou součástí jídelníčku jako třeba snídaně nebo oběd.</p>



<p><strong>Obědy se vydávají každý den od 11:40h. do 13:30h</strong></p>

<p>Jídelní lístek Stravné Mateřská škola 3 &#8211; 6 let 7 let Přesnídávka 13,- 13,- Oběd 25,- 25,- Svačina 12,- 12,- &hellip; </p>
