{"id":7,"date":"2021-10-11T18:12:54","date_gmt":"2021-10-11T16:12:54","guid":{"rendered":"http:\/\/test.zsjanov.cz\/?page_id=7"},"modified":"2025-01-16T12:19:56","modified_gmt":"2025-01-16T11:19:56","slug":"kontakt","status":"publish","type":"page","link":"https:\/\/www.zsjanov.cz\/?page_id=7","title":{"rendered":"Kontakty"},"content":{"rendered":"\n<div class=\"wp-block-group\"><div class=\"wp-block-group__inner-container is-layout-flow wp-block-group-is-layout-flow\">\n<div class=\"wp-block-group\"><div class=\"wp-block-group__inner-container is-layout-flow wp-block-group-is-layout-flow\">\n<h3><strong>Z\u00e1kladn\u00ed \u0161kola a Mate\u0159sk\u00e1 \u0161kola, Litv\u00ednov &#8211; Janov, P\u0159\u00e1telstv\u00ed 160, okr. Most<\/strong><\/h3>\n<div>Tel.: 476 742 362<br \/>Fax.: 476 742 362<br \/>E-mail: <a href=\"mailto:reditel@zsjanov.cz\">reditel@zsjanov.cz<\/a><br \/>I\u010cO: 00832 502<br \/>ID datov\u00e9 sch\u00e1nky qzryadb<\/div>\n<div>\u00a0<\/div>\n<div>\u00a0<\/div>\n<\/div><\/div>\n<\/div><\/div>\n\n\n\n<p><strong>\u0160koln\u00ed j\u00eddelna: <\/strong> 734 449 585<\/p>\n\n\n\n<p><strong>Z\u00e1kladn\u00ed \u0161kola speci\u00e1ln\u00ed &#8211; &#8222;\u0160koli\u010dka&#8220; <\/strong>&#8211; 774 812 840<\/p>\n\n\n\n<p><strong>Mate\u0159sk\u00e1 \u0161kola Parapl\u00ed\u010dko:<\/strong> 736 472 822<\/p>\n\n\n\n<p><strong>Mate\u0159sk\u00e1 \u0161kola Slun\u00ed\u010dko:<\/strong> 736 633 598<\/p>\n\n\n\n<div class=\"wp-block-group\"><div class=\"wp-block-group__inner-container is-layout-flow wp-block-group-is-layout-flow\">\n<h2 class=\"wp-block-heading\">Email<\/h2>\n\n\n\n<ul class=\"wp-block-list\">\n<li><a href=\"mailto:reditel@zsjanov.cz\" target=\"_blank\" rel=\"noreferrer noopener\">reditel@zsjanov.cz<\/a><\/li>\n\n\n\n<li><a href=\"mailto:zastupkyne1@zsjanov.cz\" target=\"_blank\" rel=\"noreferrer noopener\">zastupkyne1@zsjanov.cz<\/a> &#8211; Z\u00e1stupkyn\u011b pro I. stupe\u0148 a Z\u00e1kladn\u00ed \u0161kolu speci\u00e1ln\u00ed<\/li>\n\n\n\n<li><a href=\"mailto:zastupkyne2@zsjanov.cz\" target=\"_blank\" rel=\"noreferrer noopener\">zastupkyne2@zsjanov.cz<\/a> &#8211; Statut\u00e1rn\u00ed z\u00e1stupkyn\u011b, z\u00e1stupkyn\u011b pro II. stupe\u0148, t\u0159\u00eddy LMP a p\u0159\u00edpravn\u00e9 t\u0159\u00eddy<\/li>\n\n\n\n<li><a href=\"mailto:sekretariat@zsjanov.cz\" target=\"_blank\" rel=\"noreferrer noopener\">sekretariat@zsjanov.cz<\/a><\/li>\n\n\n\n<li><a href=\"mailto:ekonom@zsjanov.cz\" target=\"_blank\" rel=\"noreferrer noopener\">ekonom@zsjanov.cz<\/a><\/li>\n\n\n\n<li>Mate\u0159sk\u00e1 \u0161kola Parapl\u00ed\u010dko &#8211; <a href=\"mailto:msp@zsjanov.cz\" target=\"_blank\" rel=\"noreferrer noopener\">msp@zsjanov.cz<\/a><\/li>\n\n\n\n<li>Mate\u0159sk\u00e1 \u0161kola Slun\u00ed\u010dko &#8211; <a href=\"mailto:slunicko@zsjanov.cz\" target=\"_blank\" rel=\"noreferrer noopener\">slunicko@zsjanov.cz<\/a><\/li>\n\n\n\n<li><a href=\"mailto:whistleblowing@zsjanov.cz\">whistleblowing@zsjanov.cz<\/a> &#8211; P\u0159\u00edslu\u0161n\u00e1 osoba dle \u00a7 10 z\u00e1kona \u010d. 171\/2023 SB. o ochran\u011b oznamovatel\u016f (whistleblowing) <\/li>\n\n\n\n<li><a href=\"mailto:sunkovska@zsjanov.cz\" data-type=\"mailto\" data-id=\"mailto:sunkovska@zsjanov.cz\">sunkovska@zsjanov<\/a> &#8211; <a href=\"http:\/\/www.zsjanov.cz\/?page_id=3668\"><strong>soci\u00e1ln\u00ed pedagog<\/strong><\/a> <\/li>\n<\/ul>\n<\/div><\/div>\n\n\n\n<figure class=\"wp-block-image size-large is-resized\"><img decoding=\"async\" src=\"http:\/\/www.zsjanov.cz\/wp-content\/uploads\/2024\/04\/facebook-clipart-17.png\" alt=\"\" style=\"width:55px;height:auto\"\/><figcaption class=\"wp-element-caption\"><strong>Soci\u00e1ln\u00ed pedagog<\/strong><\/figcaption><\/figure>\n\n\n\n<p class=\"has-large-font-size\"><strong>Soci\u00e1ln\u00ed s\u00edt\u011b<\/strong><\/p>\n\n\n\n<figure class=\"wp-block-image size-full is-resized\"><img loading=\"lazy\" decoding=\"async\" width=\"256\" height=\"256\" src=\"http:\/\/www.zsjanov.cz\/wp-content\/uploads\/2024\/04\/facebook-clipart-17.png\" alt=\"\" class=\"wp-image-2978\" style=\"width:107px;height:auto\" srcset=\"https:\/\/www.zsjanov.cz\/wp-content\/uploads\/2024\/04\/facebook-clipart-17.png 256w, https:\/\/www.zsjanov.cz\/wp-content\/uploads\/2024\/04\/facebook-clipart-17-150x150.png 150w, https:\/\/www.zsjanov.cz\/wp-content\/uploads\/2024\/04\/facebook-clipart-17-246x246.png 246w, https:\/\/www.zsjanov.cz\/wp-content\/uploads\/2024\/04\/facebook-clipart-17-70x70.png 70w, https:\/\/www.zsjanov.cz\/wp-content\/uploads\/2024\/04\/facebook-clipart-17-125x125.png 125w, https:\/\/www.zsjanov.cz\/wp-content\/uploads\/2024\/04\/facebook-clipart-17-211x211.png 211w\" sizes=\"auto, (max-width: 256px) 100vw, 256px\" \/><figcaption class=\"wp-element-caption\"><strong>Ofici\u00e1ln\u00ed FB \u0161koly<\/strong><\/figcaption><\/figure>\n\n\n\n<p><\/p>\n","protected":false},"excerpt":{"rendered":"<p>Z\u00e1kladn\u00ed \u0161kola a Mate\u0159sk\u00e1 \u0161kola, Litv\u00ednov &#8211; Janov, P\u0159\u00e1telstv\u00ed 160, okr. Most Tel.: 476 742 362Fax.: 476 742 362E-mail: reditel@zsjanov.czI\u010cO: &hellip; <\/p>\n","protected":false},"author":1,"featured_media":0,"parent":0,"menu_order":0,"comment_status":"closed","ping_status":"closed","template":"","meta":{"footnotes":""},"class_list":["post-7","page","type-page","status-publish","hentry","latest_post"],"_links":{"self":[{"href":"https:\/\/www.zsjanov.cz\/index.php?rest_route=\/wp\/v2\/pages\/7","targetHints":{"allow":["GET"]}}],"collection":[{"href":"https:\/\/www.zsjanov.cz\/index.php?rest_route=\/wp\/v2\/pages"}],"about":[{"href":"https:\/\/www.zsjanov.cz\/index.php?rest_route=\/wp\/v2\/types\/page"}],"author":[{"embeddable":true,"href":"https:\/\/www.zsjanov.cz\/index.php?rest_route=\/wp\/v2\/users\/1"}],"replies":[{"embeddable":true,"href":"https:\/\/www.zsjanov.cz\/index.php?rest_route=%2Fwp%2Fv2%2Fcomments&post=7"}],"version-history":[{"count":50,"href":"https:\/\/www.zsjanov.cz\/index.php?rest_route=\/wp\/v2\/pages\/7\/revisions"}],"predecessor-version":[{"id":3731,"href":"https:\/\/www.zsjanov.cz\/index.php?rest_route=\/wp\/v2\/pages\/7\/revisions\/3731"}],"wp:attachment":[{"href":"https:\/\/www.zsjanov.cz\/index.php?rest_route=%2Fwp%2Fv2%2Fmedia&parent=7"}],"curies":[{"name":"wp","href":"https:\/\/api.w.org\/{rel}","templated":true}]}}