{"id":784,"date":"2022-08-09T16:45:28","date_gmt":"2022-08-09T14:45:28","guid":{"rendered":"http:\/\/test.zsjanov.cz\/?page_id=784"},"modified":"2026-04-30T11:29:43","modified_gmt":"2026-04-30T09:29:43","slug":"jidelnicek","status":"publish","type":"page","link":"https:\/\/www.zsjanov.cz\/?page_id=784","title":{"rendered":"J\u00eddeln\u00ed\u010dek"},"content":{"rendered":"\n\n\n<p class=\"has-vivid-purple-background-color has-background\"><strong>KV\u011aTEN od 04.05.2026 29.05.2026<\/strong><\/p>\n\n\n\n<p><strong>Pond\u011bl\u00ed 4.5.2026<\/strong><br>Pol\u00e9vka ku\u0159ec\u00ed s droben\u00edm <br>Fazole kovbojsk\u00e9, chl\u00e9b, raj\u010de, \u010daj, ml\u00e9ko <br><strong>\u00dater\u00fd 5.5.2026<\/strong><br>Pol\u00e9vka vlo\u010dkov\u00e1 <br>Kr\u016ft\u00ed p\u0159\u00edrodn\u00ed pl\u00e1tek, fazolky zad\u011bl\u00e1van\u00e9, brambory, voda se sirupem<br><strong>St\u0159eda 6.5.2026<\/strong><br>Pol\u00e9vka zeleninov\u00e1 s bulgurem<br>D\u017euve\u010d, jasm\u00ednov\u00e1 r\u00fd\u017ee, \u010daj<br><strong>\u010ctvrtek 7.5.2026<\/strong><br>\u0160pen\u00e1tov\u00e1 pol\u00e9vka s krutony <br>Zape\u010den\u00e1 cuketa s raj\u010daty a balk\u00e1nsk\u00fdm s\u00fdrem, brambory, \u010daj, <br><strong>P\u00e1tek 8.5.2026<\/strong><br><strong>St\u00e1tn\u00ed sv\u00e1tek<\/strong><\/p>\n\n\n\n<p class=\"has-luminous-vivid-amber-background-color has-background\"><strong>11. 05. &#8211; 15. 05.2026 <\/strong><\/p>\n\n\n\n<p><strong>Pond\u011bl\u00ed 11.5.2026<\/strong><br>Zeleninov\u00e1 pol\u00e9vka s j\u00e1hlov\u00fdmi vlo\u010dkami<br>Sv\u00ed\u010dkov\u00e1 na smetan\u011b, houskov\u00e9 knedl\u00edky (kynut\u00e9), voda s citr\u00f3nem<br><strong>\u00dater\u00fd 12.5.2026<\/strong><br>Kulajda <br>Zape\u010den\u00e9 t\u011bstoviny s hl\u00edvou \u00fast\u0159i\u010dnou a s\u00fdrem, mrkvov\u00fd sal\u00e1t s ananasem, \u010daj<br><strong>St\u0159eda 13.5.2026<\/strong><br>Hov\u011bz\u00ed pol\u00e9vka s t\u011bstovinou<br>Ku\u0159ec\u00ed gyros, gnocchi, voda se sirupem<br><strong>\u010ctvrtek 14.5.2026<\/strong><br>Gul\u00e1\u0161ov\u00e1 pol\u00e9vka <br>L\u00edvance se \u0161leha\u010dkou, ml\u00e9ko, \u010daj, ovoce <br><strong>P\u00e1tek 15.5.2026<\/strong><br>Pol\u00e9vka rag\u00fa s r\u00fd\u017e\u00ed <br>Karban\u00e1tek z ryb\u00edho file &#8211; pe\u010den\u00fd, bramborov\u00e1 ka\u0161e, sal\u00e1t z \u010d\u00ednsk\u00e9ho zel\u00ed a jogurt, \u010daj<\/p>\n\n\n\n<p class=\"has-luminous-vivid-orange-background-color has-background\"><strong>18. 05. &#8211; 22. 05.2026<\/strong><\/p>\n\n\n\n<p><strong>Pond\u011bl\u00ed 18.5.2026<\/strong><br>Pol\u00e9vka dro\u017e\u010fov\u00e1 <br>Hrachov\u00e1 ka\u0161e s cibulkou, vejce va\u0159en\u00e9, okurka sterilovan\u00e1, \u010daj<br><strong>\u00dater\u00fd 19.5.2026<\/strong><br>Pol\u00e9vka zeleninov\u00e1 s j\u00e1trovou r\u00fd\u017e\u00ed <br>\u0160pecle s uzen\u00fdm masem a \u0161pen\u00e1tem, ml\u00e9ko, \u010daj <br><strong>St\u0159eda 20.5.2026<\/strong><br>Pol\u00e9vka \u010do\u010dkov\u00e1 <br>Vep\u0159ov\u00e9 rag\u016f, t\u011bstoviny, voda s citr\u00f3nem <br><strong>\u010ctvrtek 21.5.2026<\/strong><br>Mrkvov\u00e1 pol\u00e9vka <br>Pe\u010den\u00e9 kachn\u00ed stehno, zel\u00ed hl\u00e1vkov\u00e9 \u010derven\u00e9, bramborov\u00e9 knedl\u00edky, \u010daj<br><strong>P\u00e1tek 22.5.2026<\/strong><br>Pol\u00e9vka p\u00f3rkov\u00e1 <br>Kv\u011bt\u00e1kov\u00fd moze\u010dek, brambory, raj\u010datov\u00fd sal\u00e1t, \u010daj<\/p>\n\n\n\n<p class=\"has-vivid-red-background-color has-background\"><strong>25 .05. &#8211; 29. 05. 2026<\/strong><\/p>\n\n\n\n<p><strong>Pond\u011bl\u00ed 25.5.2026<\/strong><br>Pol\u00e9vka s vaje\u010dn\u00fdm sv\u00edtkem <br>Losos na m\u00e1sle, bramborov\u00e1 ka\u0161e, sal\u00e1t z brokolice a raj\u010dat se zakysanou smetanou, \u010daj<br><strong>\u00dater\u00fd 26.5.2026<\/strong><br>Pol\u00e9vka ku\u0159ec\u00ed s kap\u00e1n\u00edm <br>Vep\u0159ov\u00e1 pe\u010den\u011b,du\u0161en\u00fd \u0161pen\u00e1t, bramborov\u00e9 knedl\u00edky, ml\u00e9ko, \u010daj<br><strong>St\u0159eda 27.5.2026<\/strong><br>Selsk\u00e1 pol\u00e9vka <br>Tagliatelle se smetanou, bazalkou a ku\u0159ec\u00edm masem, \u010daj<br><strong>\u010ctvrtek 28.5.2026<\/strong><br>Pol\u00e9vka \u017eampionov\u00fd kr\u00e9m s krutony <br>\u010cevab\u010di\u010di, brambory, zeleninov\u00e1 obloha, voda s citr\u00f3nem, ml\u00e9ko<br><strong>P\u00e1tek 29.5.2026<\/strong><br>Km\u00ednov\u00e1 pol\u00e9vka s ope\u010denou cizrnou <br>Hov\u011bz\u00ed pl\u00e1tek bratislavsk\u00fd, r\u00fd\u017ee parboiled, \u010daj<\/p>\n\n\n\n<p class=\"has-light-green-cyan-background-color has-background\"><\/p>\n\n\n\n<p><br><\/p>\n\n\n\n<p class=\"has-white-background-color has-background\">J\u00eddlo <strong>obsahuje alergeny. <\/strong>Jejich \u010d\u00edsla jsou uvedena v z\u00e1vorce za n\u00e1zvem j\u00eddla.Zm\u011bna j\u00eddeln\u00ed\u010dku a alergen\u016f vyhrazena.<\/p>\n\n\n\n<p class=\"has-cyan-bluish-gray-background-color has-background\">Ved. kucha\u0159ka: St\u0159\u00edtezsk\u00e1 V\u011bra, Vokuli\u010dov\u00e1 Jana, Tothov\u00e1 Lenka, Miloslava Karasov\u00e1<\/p>\n\n\n\n<p class=\"has-cyan-bluish-gray-background-color has-background\">&nbsp;Vedouc\u00ed \u0161koln\u00ed j\u00eddelny: Prejzov\u00e1 \u0160\u00e1rka<\/p>\n\n\n\n<p class=\"has-cyan-bluish-gray-background-color has-background\"><\/p>\n","protected":false},"excerpt":{"rendered":"<p>KV\u011aTEN od 04.05.2026 29.05.2026 Pond\u011bl\u00ed 4.5.2026Pol\u00e9vka ku\u0159ec\u00ed s droben\u00edm Fazole kovbojsk\u00e9, chl\u00e9b, raj\u010de, \u010daj, ml\u00e9ko \u00dater\u00fd 5.5.2026Pol\u00e9vka vlo\u010dkov\u00e1 Kr\u016ft\u00ed p\u0159\u00edrodn\u00ed &hellip; <\/p>\n","protected":false},"author":1,"featured_media":0,"parent":388,"menu_order":-1,"comment_status":"closed","ping_status":"closed","template":"","meta":{"footnotes":""},"class_list":["post-784","page","type-page","status-publish","hentry","latest_post"],"_links":{"self":[{"href":"https:\/\/www.zsjanov.cz\/index.php?rest_route=\/wp\/v2\/pages\/784","targetHints":{"allow":["GET"]}}],"collection":[{"href":"https:\/\/www.zsjanov.cz\/index.php?rest_route=\/wp\/v2\/pages"}],"about":[{"href":"https:\/\/www.zsjanov.cz\/index.php?rest_route=\/wp\/v2\/types\/page"}],"author":[{"embeddable":true,"href":"https:\/\/www.zsjanov.cz\/index.php?rest_route=\/wp\/v2\/users\/1"}],"replies":[{"embeddable":true,"href":"https:\/\/www.zsjanov.cz\/index.php?rest_route=%2Fwp%2Fv2%2Fcomments&post=784"}],"version-history":[{"count":100,"href":"https:\/\/www.zsjanov.cz\/index.php?rest_route=\/wp\/v2\/pages\/784\/revisions"}],"predecessor-version":[{"id":4242,"href":"https:\/\/www.zsjanov.cz\/index.php?rest_route=\/wp\/v2\/pages\/784\/revisions\/4242"}],"up":[{"embeddable":true,"href":"https:\/\/www.zsjanov.cz\/index.php?rest_route=\/wp\/v2\/pages\/388"}],"wp:attachment":[{"href":"https:\/\/www.zsjanov.cz\/index.php?rest_route=%2Fwp%2Fv2%2Fmedia&parent=784"}],"curies":[{"name":"wp","href":"https:\/\/api.w.org\/{rel}","templated":true}]}}

Jídelníček

<p class="has-vivid-purple-background-color has-background"><strong>KVĚTEN od 04.05.2026 29.05.2026</strong></p>



<p><strong>Pondělí 4.5.2026</strong><br>Polévka kuřecí s drobením <br>Fazole kovbojské, chléb, rajče, čaj, mléko <br><strong>Úterý 5.5.2026</strong><br>Polévka vločková <br>Krůtí přírodní plátek, fazolky zadělávané, brambory, voda se sirupem<br><strong>Středa 6.5.2026</strong><br>Polévka zeleninová s bulgurem<br>Džuveč, jasmínová rýže, čaj<br><strong>Čtvrtek 7.5.2026</strong><br>Špenátová polévka s krutony <br>Zapečená cuketa s rajčaty a balkánským sýrem, brambory, čaj, <br><strong>Pátek 8.5.2026</strong><br><strong>Státní svátek</strong></p>



<p class="has-luminous-vivid-amber-background-color has-background"><strong>11. 05. &#8211; 15. 05.2026 </strong></p>



<p><strong>Pondělí 11.5.2026</strong><br>Zeleninová polévka s jáhlovými vločkami<br>Svíčková na smetaně, houskové knedlíky (kynuté), voda s citrónem<br><strong>Úterý 12.5.2026</strong><br>Kulajda <br>Zapečené těstoviny s hlívou ústřičnou a sýrem, mrkvový salát s ananasem, čaj<br><strong>Středa 13.5.2026</strong><br>Hovězí polévka s těstovinou<br>Kuřecí gyros, gnocchi, voda se sirupem<br><strong>Čtvrtek 14.5.2026</strong><br>Gulášová polévka <br>Lívance se šlehačkou, mléko, čaj, ovoce <br><strong>Pátek 15.5.2026</strong><br>Polévka ragú s rýží <br>Karbanátek z rybího file &#8211; pečený, bramborová kaše, salát z čínského zelí a jogurt, čaj</p>



<p class="has-luminous-vivid-orange-background-color has-background"><strong>18. 05. &#8211; 22. 05.2026</strong></p>



<p><strong>Pondělí 18.5.2026</strong><br>Polévka drožďová <br>Hrachová kaše s cibulkou, vejce vařené, okurka sterilovaná, čaj<br><strong>Úterý 19.5.2026</strong><br>Polévka zeleninová s játrovou rýží <br>Špecle s uzeným masem a špenátem, mléko, čaj <br><strong>Středa 20.5.2026</strong><br>Polévka čočková <br>Vepřové ragů, těstoviny, voda s citrónem <br><strong>Čtvrtek 21.5.2026</strong><br>Mrkvová polévka <br>Pečené kachní stehno, zelí hlávkové červené, bramborové knedlíky, čaj<br><strong>Pátek 22.5.2026</strong><br>Polévka pórková <br>Květákový mozeček, brambory, rajčatový salát, čaj</p>



<p class="has-vivid-red-background-color has-background"><strong>25 .05. &#8211; 29. 05. 2026</strong></p>



<p><strong>Pondělí 25.5.2026</strong><br>Polévka s vaječným svítkem <br>Losos na másle, bramborová kaše, salát z brokolice a rajčat se zakysanou smetanou, čaj<br><strong>Úterý 26.5.2026</strong><br>Polévka kuřecí s kapáním <br>Vepřová pečeně,dušený špenát, bramborové knedlíky, mléko, čaj<br><strong>Středa 27.5.2026</strong><br>Selská polévka <br>Tagliatelle se smetanou, bazalkou a kuřecím masem, čaj<br><strong>Čtvrtek 28.5.2026</strong><br>Polévka žampionový krém s krutony <br>Čevabčiči, brambory, zeleninová obloha, voda s citrónem, mléko<br><strong>Pátek 29.5.2026</strong><br>Kmínová polévka s opečenou cizrnou <br>Hovězí plátek bratislavský, rýže parboiled, čaj</p>



<p class="has-light-green-cyan-background-color has-background"></p>



<p><br></p>



<p class="has-white-background-color has-background">Jídlo <strong>obsahuje alergeny. </strong>Jejich čísla jsou uvedena v závorce za názvem jídla.Změna jídelníčku a alergenů vyhrazena.</p>



<p class="has-cyan-bluish-gray-background-color has-background">Ved. kuchařka: Střítezská Věra, Vokuličová Jana, Tothová Lenka, Miloslava Karasová</p>



<p class="has-cyan-bluish-gray-background-color has-background">&nbsp;Vedoucí školní jídelny: Prejzová Šárka</p>



<p class="has-cyan-bluish-gray-background-color has-background"></p>

<p>KVĚTEN od 04.05.2026 29.05.2026 Pondělí 4.5.2026Polévka kuřecí s drobením Fazole kovbojské, chléb, rajče, čaj, mléko Úterý 5.5.2026Polévka vločková Krůtí přírodní &hellip; </p>
